{"id":4032,"date":"2018-11-08T16:27:53","date_gmt":"2018-11-08T15:27:53","guid":{"rendered":"https:\/\/abacapress.com\/corporate\/nos-photographes\/"},"modified":"2023-01-20T21:53:12","modified_gmt":"2023-01-20T20:53:12","slug":"our-photographers","status":"publish","type":"page","link":"https:\/\/abacapress.com\/corporate\/en\/our-photographers\/","title":{"rendered":"Our photographers"},"content":{"rendered":"<div class=\"wpb-content-wrapper\"><p>[vc_row css=&#8221;.vc_custom_1539682190116{padding-bottom: 80px !important;}&#8221;][vc_column][vc_column_text]<\/p>\n<blockquote><p>The power of a unique network of passionate professionals<\/p><\/blockquote>\n<p>[\/vc_column_text][\/vc_column][\/vc_row][vc_row full_width=&#8221;stretch_row&#8221; css=&#8221;.vc_custom_1541692740805{padding-top: 100px !important;padding-bottom: 100px !important;background-color: #f8f8f9 !important;}&#8221;][vc_column width=&#8221;1\/2&#8243; offset=&#8221;vc_hidden-xs&#8221;][vc_empty_space height=&#8221;120px&#8221;][vc_single_image image=&#8221;4056&#8243; img_size=&#8221;full&#8221;][\/vc_column][vc_column width=&#8221;1\/2&#8243;][vc_column_text]<\/p>\n<h2 style=\"text-align: left;\">A french and worldwide network<\/h2>\n<p>[\/vc_column_text][vc_separator color=&#8221;custom&#8221; align=&#8221;align_left&#8221; border_width=&#8221;2&#8243; el_width=&#8221;10&#8243; accent_color=&#8221;#e52e36&#8243; css=&#8221;.vc_custom_1539770298158{padding-top: 20px !important;padding-bottom: 40px !important;}&#8221;][vc_column_text el_class=&#8221;txt-justify&#8221;]From production to post-production, Abaca Corporate offers you experienced teams to manage the organization and monitoring of your most demanding photo and video projects. A team, both present and aware, that advises you and accompanies you step by step, in the definition of your concept, logistic coordination, the realization and the management of the photo copyrights.<\/p>\n<p>Specialized photographers in architecture, hotels, portraits, culinary, industrial, institutional, events and more. The profiles of our collaborators are varied in order to offer you the photographer you expect. We work with professionals who will give life to all your projects, better reflect the values \u200b\u200bof your company and strengthen your visual identity. Our photographers are also true artists who will produce strong, meaningful photographs that will help you stand out from your competitors.<\/p>\n<p>Our photographers will bring you their expertise, a real added value in the visual communication of your company.<\/p>\n<p>Our agency regularly works to find new talents. We want to diversify our network whether in France or abroad in order to renew your visual content.[\/vc_column_text][\/vc_column][\/vc_row][vc_row css=&#8221;.vc_custom_1541753635057{padding-top: 60px !important;padding-bottom: 60px !important;}&#8221;][vc_column][vc_row_inner][vc_column_inner width=&#8221;1\/4&#8243;][\/vc_column_inner][vc_column_inner width=&#8221;1\/2&#8243;][vc_column_text]<\/p>\n<h2 style=\"text-align: center;\">OUR PHOTOGRAPHERS<\/h2>\n<p>[\/vc_column_text][vc_separator color=&#8221;custom&#8221; border_width=&#8221;2&#8243; el_width=&#8221;10&#8243; accent_color=&#8221;#d42026&#8243; css=&#8221;.vc_custom_1541757320154{padding-top: 20px !important;padding-bottom: 40px !important;}&#8221;][\/vc_column_inner][vc_column_inner width=&#8221;1\/4&#8243;][\/vc_column_inner][\/vc_row_inner][vc_empty_space height=&#8221;40px&#8221;][vc_row_inner css=&#8221;.vc_custom_1541757162273{padding-bottom: 30px !important;}&#8221;][vc_column_inner width=&#8221;1\/4&#8243;][vc_hoverbox image=&#8221;4051&#8243; primary_title=&#8221;&#8221; hover_title=&#8221;Alain Apaydin&#8221; shape=&#8221;square&#8221;]<span style=\"font-weight: 400;\">Photographe bas\u00e9 \u00e0 Paris, il s\u2019illustre dans la photographie d\u2019entreprise et \u00e9v\u00e8nementielle. <\/span>[\/vc_hoverbox][\/vc_column_inner][vc_column_inner width=&#8221;1\/4&#8243;][vc_hoverbox image=&#8221;4049&#8243; primary_title=&#8221;&#8221; hover_title=&#8221;Anthony Lanneretonne&#8221; shape=&#8221;square&#8221;]<span style=\"font-weight: 400;\">Photographe bas\u00e9 \u00e0 Nice, sp\u00e9cialis\u00e9 dans le domaine de l\u2019architecture, de l\u2019h\u00f4tellerie et du culinaire.<\/span>[\/vc_hoverbox][\/vc_column_inner][vc_column_inner width=&#8221;1\/4&#8243;][vc_hoverbox image=&#8221;4050&#8243; primary_title=&#8221;&#8221; hover_title=&#8221;Antonin Weber&#8221; shape=&#8221;square&#8221;]<span style=\"font-weight: 400;\">Photographe bas\u00e9 entre Paris et Istanbul, il r\u00e9alise des portraits et reportages en entreprise. <\/span>[\/vc_hoverbox][\/vc_column_inner][vc_column_inner width=&#8221;1\/4&#8243;][vc_hoverbox image=&#8221;4048&#8243; primary_title=&#8221;&#8221; hover_title=&#8221;Boris Zuliani&#8221; shape=&#8221;square&#8221;]<span style=\"font-weight: 400;\">Photographe bas\u00e9 au Vietnam, il travaille dans toute l\u2019Asie du Sud Est. Il est sp\u00e9cialis\u00e9 en photographie de mode et d\u2019architecture.<\/span>[\/vc_hoverbox][\/vc_column_inner][\/vc_row_inner][vc_row_inner css=&#8221;.vc_custom_1541757162273{padding-bottom: 30px !important;}&#8221;][vc_column_inner width=&#8221;1\/4&#8243;][vc_hoverbox image=&#8221;4047&#8243; primary_title=&#8221;&#8221; hover_title=&#8221;Didier Delmas&#8221; shape=&#8221;square&#8221;]<span style=\"font-weight: 400;\">Photographe bas\u00e9 \u00e0 Paris, sp\u00e9cialis\u00e9 en architecture, h\u00f4tellerie et d\u00e9coration d\u2019int\u00e9rieure.<\/span>[\/vc_hoverbox][\/vc_column_inner][vc_column_inner width=&#8221;1\/4&#8243;][vc_hoverbox image=&#8221;4046&#8243; primary_title=&#8221;&#8221; hover_title=&#8221;Filip Gierslinski&#8221; shape=&#8221;square&#8221;]Photographe bas\u00e9 \u00e0 Londres, il est sp\u00e9cialis\u00e9 en photographie d\u2019entreprise, portraits, h\u00f4tellerie.[\/vc_hoverbox][\/vc_column_inner][vc_column_inner width=&#8221;1\/4&#8243;][vc_hoverbox image=&#8221;4053&#8243; primary_title=&#8221;&#8221; hover_title=&#8221;Giuliano Ottaviani&#8221; shape=&#8221;square&#8221;]<\/p>\n<div>Photographe bas\u00e9 \u00e0 Paris, il r\u00e9alise des portraits et des photographies d\u2019architecture<\/div>\n<p>[\/vc_hoverbox][\/vc_column_inner][vc_column_inner width=&#8221;1\/4&#8243;][vc_hoverbox image=&#8221;4054&#8243; primary_title=&#8221;&#8221; hover_title=&#8221;J\u00e9r\u00e9mie Mazenq&#8221; shape=&#8221;square&#8221;]<span style=\"font-weight: 400;\">Photographe bas\u00e9 \u00e0 Bordeaux, il est sp\u00e9cialis\u00e9 en architecture et reportages en entreprise. <\/span><\/p>\n<p>[\/vc_hoverbox][\/vc_column_inner][\/vc_row_inner][vc_row_inner css=&#8221;.vc_custom_1541757130794{padding-bottom: 30px !important;}&#8221;][vc_column_inner width=&#8221;1\/4&#8243;][vc_hoverbox image=&#8221;4036&#8243; primary_title=&#8221;&#8221; hover_title=&#8221;J\u00e9r\u00f4me Domin\u00e9&#8221; shape=&#8221;square&#8221;]<span style=\"font-weight: 400;\">Photographe parisien, il s\u2019illustre comme portraitiste, mais aussi en reportage d\u2019entreprise et \u00e9v\u00e8nementiel.<\/span><\/p>\n<p>[\/vc_hoverbox][\/vc_column_inner][vc_column_inner width=&#8221;1\/4&#8243;][vc_hoverbox image=&#8221;4055&#8243; primary_title=&#8221;&#8221; hover_title=&#8221;Jo Hanley&#8221; shape=&#8221;square&#8221;]<span style=\"font-weight: 400;\">Photographe bas\u00e9e \u00e0 Edimbourg, elle r\u00e9alise des photographies d\u2019architecture, d\u2019h\u00f4tellerie et des reportages en entreprise. <\/span><\/p>\n<p>[\/vc_hoverbox][\/vc_column_inner][vc_column_inner width=&#8221;1\/4&#8243;][vc_hoverbox image=&#8221;4041&#8243; primary_title=&#8221;&#8221; hover_title=&#8221;Julien Knaub&#8221; shape=&#8221;square&#8221;]<span style=\"font-weight: 400;\">Photographe bas\u00e9 \u00e0 Paris, il r\u00e9alise des portraits et des photographies \u00e9v\u00e8nementielles.<\/span>[\/vc_hoverbox][\/vc_column_inner][vc_column_inner width=&#8221;1\/4&#8243;][vc_hoverbox image=&#8221;4040&#8243; primary_title=&#8221;&#8221; hover_title=&#8221;Nicolas Gouhier&#8221; shape=&#8221;square&#8221;]Photographe parisien, il s\u2019illustre pour ses portraits et ses photos industrielles et \u00e9v\u00e8nementielles.[\/vc_hoverbox][\/vc_column_inner][\/vc_row_inner][vc_row_inner css=&#8221;.vc_custom_1541757130794{padding-bottom: 30px !important;}&#8221;][vc_column_inner width=&#8221;1\/4&#8243;][vc_hoverbox image=&#8221;4039&#8243; primary_title=&#8221;&#8221; hover_title=&#8221;Olivier Douliery&#8221; shape=&#8221;square&#8221;]<span style=\"font-weight: 400;\">Photographe bas\u00e9 \u00e0 Washington. Il r\u00e9alise des reportages en entreprise et des portraits.<\/span>[\/vc_hoverbox][\/vc_column_inner][vc_column_inner width=&#8221;1\/4&#8243;][vc_hoverbox image=&#8221;4038&#8243; primary_title=&#8221;&#8221; hover_title=&#8221;Philippe Louzon&#8221; shape=&#8221;square&#8221;]<span style=\"font-weight: 400;\">Photographe bas\u00e9 \u00e0 Paris, il est sp\u00e9cialis\u00e9 en photographie d\u2019architecture, h\u00f4tellerie et culinaire. <\/span>[\/vc_hoverbox][\/vc_column_inner][vc_column_inner width=&#8221;1\/4&#8243;][vc_hoverbox image=&#8221;4037&#8243; primary_title=&#8221;&#8221; hover_title=&#8221;Rapha\u00ebl Olivier&#8221; shape=&#8221;square&#8221;]Bas\u00e9 \u00e0 Bangkok, il travaille comme photographe d\u2019entreprise, de portraits et d\u2019architecture.[\/vc_hoverbox][\/vc_column_inner][vc_column_inner width=&#8221;1\/4&#8243;][vc_hoverbox image=&#8221;4035&#8243; primary_title=&#8221;&#8221; hover_title=&#8221;Sandrine Roudeix&#8221; shape=&#8221;square&#8221;]Photographe bas\u00e9e \u00e0 Paris, elle s\u2019illustre comme portraitiste.[\/vc_hoverbox][\/vc_column_inner][\/vc_row_inner][\/vc_column][\/vc_row]<\/p>\n<\/div>","protected":false},"excerpt":{"rendered":"<p>[vc_row css=&#8221;.vc_custom_1539682190116{padding-bottom: 80px !important;}&#8221;][vc_column][vc_column_text] The power of a unique network of passionate professionals [\/vc_column_text][\/vc_column][\/vc_row][vc_row full_width=&#8221;stretch_row&#8221; css=&#8221;.vc_custom_1541692740805{padding-top: 100px !important;padding-bottom: 100px !important;background-color: #f8f8f9 !important;}&#8221;][vc_column width=&#8221;1\/2&#8243; offset=&#8221;vc_hidden-xs&#8221;][vc_empty_space height=&#8221;120px&#8221;][vc_single_image image=&#8221;4056&#8243; img_size=&#8221;full&#8221;][\/vc_column][vc_column width=&#8221;1\/2&#8243;][vc_column_text] A french and worldwide network [\/vc_column_text][vc_separator color=&#8221;custom&#8221; align=&#8221;align_left&#8221; border_width=&#8221;2&#8243; el_width=&#8221;10&#8243; accent_color=&#8221;#e52e36&#8243; css=&#8221;.vc_custom_1539770298158{padding-top: [&hellip;]<\/p>\n","protected":false},"author":4,"featured_media":0,"parent":0,"menu_order":0,"comment_status":"closed","ping_status":"closed","template":"","meta":{"footnotes":""},"class_list":["post-4032","page","type-page","status-publish","hentry"],"_links":{"self":[{"href":"https:\/\/abacapress.com\/corporate\/en\/wp-json\/wp\/v2\/pages\/4032","targetHints":{"allow":["GET"]}}],"collection":[{"href":"https:\/\/abacapress.com\/corporate\/en\/wp-json\/wp\/v2\/pages"}],"about":[{"href":"https:\/\/abacapress.com\/corporate\/en\/wp-json\/wp\/v2\/types\/page"}],"author":[{"embeddable":true,"href":"https:\/\/abacapress.com\/corporate\/en\/wp-json\/wp\/v2\/users\/4"}],"replies":[{"embeddable":true,"href":"https:\/\/abacapress.com\/corporate\/en\/wp-json\/wp\/v2\/comments?post=4032"}],"version-history":[{"count":0,"href":"https:\/\/abacapress.com\/corporate\/en\/wp-json\/wp\/v2\/pages\/4032\/revisions"}],"wp:attachment":[{"href":"https:\/\/abacapress.com\/corporate\/en\/wp-json\/wp\/v2\/media?parent=4032"}],"curies":[{"name":"wp","href":"https:\/\/api.w.org\/{rel}","templated":true}]}}

<div class="wpb-content-wrapper"><p>[vc_row css=&#8221;.vc_custom_1539682190116{padding-bottom: 80px !important;}&#8221;][vc_column][vc_column_text]</p>
<blockquote><p>The power of a unique network of passionate professionals</p></blockquote>
<p>[/vc_column_text][/vc_column][/vc_row][vc_row full_width=&#8221;stretch_row&#8221; css=&#8221;.vc_custom_1541692740805{padding-top: 100px !important;padding-bottom: 100px !important;background-color: #f8f8f9 !important;}&#8221;][vc_column width=&#8221;1/2&#8243; offset=&#8221;vc_hidden-xs&#8221;][vc_empty_space height=&#8221;120px&#8221;][vc_single_image image=&#8221;4056&#8243; img_size=&#8221;full&#8221;][/vc_column][vc_column width=&#8221;1/2&#8243;][vc_column_text]</p>
<h2 style="text-align: left;">A french and worldwide network</h2>
<p>[/vc_column_text][vc_separator color=&#8221;custom&#8221; align=&#8221;align_left&#8221; border_width=&#8221;2&#8243; el_width=&#8221;10&#8243; accent_color=&#8221;#e52e36&#8243; css=&#8221;.vc_custom_1539770298158{padding-top: 20px !important;padding-bottom: 40px !important;}&#8221;][vc_column_text el_class=&#8221;txt-justify&#8221;]From production to post-production, Abaca Corporate offers you experienced teams to manage the organization and monitoring of your most demanding photo and video projects. A team, both present and aware, that advises you and accompanies you step by step, in the definition of your concept, logistic coordination, the realization and the management of the photo copyrights.</p>
<p>Specialized photographers in architecture, hotels, portraits, culinary, industrial, institutional, events and more. The profiles of our collaborators are varied in order to offer you the photographer you expect. We work with professionals who will give life to all your projects, better reflect the values ​​of your company and strengthen your visual identity. Our photographers are also true artists who will produce strong, meaningful photographs that will help you stand out from your competitors.</p>
<p>Our photographers will bring you their expertise, a real added value in the visual communication of your company.</p>
<p>Our agency regularly works to find new talents. We want to diversify our network whether in France or abroad in order to renew your visual content.[/vc_column_text][/vc_column][/vc_row][vc_row css=&#8221;.vc_custom_1541753635057{padding-top: 60px !important;padding-bottom: 60px !important;}&#8221;][vc_column][vc_row_inner][vc_column_inner width=&#8221;1/4&#8243;][/vc_column_inner][vc_column_inner width=&#8221;1/2&#8243;][vc_column_text]</p>
<h2 style="text-align: center;">OUR PHOTOGRAPHERS</h2>
<p>[/vc_column_text][vc_separator color=&#8221;custom&#8221; border_width=&#8221;2&#8243; el_width=&#8221;10&#8243; accent_color=&#8221;#d42026&#8243; css=&#8221;.vc_custom_1541757320154{padding-top: 20px !important;padding-bottom: 40px !important;}&#8221;][/vc_column_inner][vc_column_inner width=&#8221;1/4&#8243;][/vc_column_inner][/vc_row_inner][vc_empty_space height=&#8221;40px&#8221;][vc_row_inner css=&#8221;.vc_custom_1541757162273{padding-bottom: 30px !important;}&#8221;][vc_column_inner width=&#8221;1/4&#8243;][vc_hoverbox image=&#8221;4051&#8243; primary_title=&#8221;&#8221; hover_title=&#8221;Alain Apaydin&#8221; shape=&#8221;square&#8221;]<span style="font-weight: 400;">Photographe basé à Paris, il s’illustre dans la photographie d’entreprise et évènementielle. </span>[/vc_hoverbox][/vc_column_inner][vc_column_inner width=&#8221;1/4&#8243;][vc_hoverbox image=&#8221;4049&#8243; primary_title=&#8221;&#8221; hover_title=&#8221;Anthony Lanneretonne&#8221; shape=&#8221;square&#8221;]<span style="font-weight: 400;">Photographe basé à Nice, spécialisé dans le domaine de l’architecture, de l’hôtellerie et du culinaire.</span>[/vc_hoverbox][/vc_column_inner][vc_column_inner width=&#8221;1/4&#8243;][vc_hoverbox image=&#8221;4050&#8243; primary_title=&#8221;&#8221; hover_title=&#8221;Antonin Weber&#8221; shape=&#8221;square&#8221;]<span style="font-weight: 400;">Photographe basé entre Paris et Istanbul, il réalise des portraits et reportages en entreprise. </span>[/vc_hoverbox][/vc_column_inner][vc_column_inner width=&#8221;1/4&#8243;][vc_hoverbox image=&#8221;4048&#8243; primary_title=&#8221;&#8221; hover_title=&#8221;Boris Zuliani&#8221; shape=&#8221;square&#8221;]<span style="font-weight: 400;">Photographe basé au Vietnam, il travaille dans toute l’Asie du Sud Est. Il est spécialisé en photographie de mode et d’architecture.</span>[/vc_hoverbox][/vc_column_inner][/vc_row_inner][vc_row_inner css=&#8221;.vc_custom_1541757162273{padding-bottom: 30px !important;}&#8221;][vc_column_inner width=&#8221;1/4&#8243;][vc_hoverbox image=&#8221;4047&#8243; primary_title=&#8221;&#8221; hover_title=&#8221;Didier Delmas&#8221; shape=&#8221;square&#8221;]<span style="font-weight: 400;">Photographe basé à Paris, spécialisé en architecture, hôtellerie et décoration d’intérieure.</span>[/vc_hoverbox][/vc_column_inner][vc_column_inner width=&#8221;1/4&#8243;][vc_hoverbox image=&#8221;4046&#8243; primary_title=&#8221;&#8221; hover_title=&#8221;Filip Gierslinski&#8221; shape=&#8221;square&#8221;]Photographe basé à Londres, il est spécialisé en photographie d’entreprise, portraits, hôtellerie.[/vc_hoverbox][/vc_column_inner][vc_column_inner width=&#8221;1/4&#8243;][vc_hoverbox image=&#8221;4053&#8243; primary_title=&#8221;&#8221; hover_title=&#8221;Giuliano Ottaviani&#8221; shape=&#8221;square&#8221;]</p>
<div>Photographe basé à Paris, il réalise des portraits et des photographies d’architecture</div>
<p>[/vc_hoverbox][/vc_column_inner][vc_column_inner width=&#8221;1/4&#8243;][vc_hoverbox image=&#8221;4054&#8243; primary_title=&#8221;&#8221; hover_title=&#8221;Jérémie Mazenq&#8221; shape=&#8221;square&#8221;]<span style="font-weight: 400;">Photographe basé à Bordeaux, il est spécialisé en architecture et reportages en entreprise. </span></p>
<p>[/vc_hoverbox][/vc_column_inner][/vc_row_inner][vc_row_inner css=&#8221;.vc_custom_1541757130794{padding-bottom: 30px !important;}&#8221;][vc_column_inner width=&#8221;1/4&#8243;][vc_hoverbox image=&#8221;4036&#8243; primary_title=&#8221;&#8221; hover_title=&#8221;Jérôme Dominé&#8221; shape=&#8221;square&#8221;]<span style="font-weight: 400;">Photographe parisien, il s’illustre comme portraitiste, mais aussi en reportage d’entreprise et évènementiel.</span></p>
<p>[/vc_hoverbox][/vc_column_inner][vc_column_inner width=&#8221;1/4&#8243;][vc_hoverbox image=&#8221;4055&#8243; primary_title=&#8221;&#8221; hover_title=&#8221;Jo Hanley&#8221; shape=&#8221;square&#8221;]<span style="font-weight: 400;">Photographe basée à Edimbourg, elle réalise des photographies d’architecture, d’hôtellerie et des reportages en entreprise. </span></p>
<p>[/vc_hoverbox][/vc_column_inner][vc_column_inner width=&#8221;1/4&#8243;][vc_hoverbox image=&#8221;4041&#8243; primary_title=&#8221;&#8221; hover_title=&#8221;Julien Knaub&#8221; shape=&#8221;square&#8221;]<span style="font-weight: 400;">Photographe basé à Paris, il réalise des portraits et des photographies évènementielles.</span>[/vc_hoverbox][/vc_column_inner][vc_column_inner width=&#8221;1/4&#8243;][vc_hoverbox image=&#8221;4040&#8243; primary_title=&#8221;&#8221; hover_title=&#8221;Nicolas Gouhier&#8221; shape=&#8221;square&#8221;]Photographe parisien, il s’illustre pour ses portraits et ses photos industrielles et évènementielles.[/vc_hoverbox][/vc_column_inner][/vc_row_inner][vc_row_inner css=&#8221;.vc_custom_1541757130794{padding-bottom: 30px !important;}&#8221;][vc_column_inner width=&#8221;1/4&#8243;][vc_hoverbox image=&#8221;4039&#8243; primary_title=&#8221;&#8221; hover_title=&#8221;Olivier Douliery&#8221; shape=&#8221;square&#8221;]<span style="font-weight: 400;">Photographe basé à Washington. Il réalise des reportages en entreprise et des portraits.</span>[/vc_hoverbox][/vc_column_inner][vc_column_inner width=&#8221;1/4&#8243;][vc_hoverbox image=&#8221;4038&#8243; primary_title=&#8221;&#8221; hover_title=&#8221;Philippe Louzon&#8221; shape=&#8221;square&#8221;]<span style="font-weight: 400;">Photographe basé à Paris, il est spécialisé en photographie d’architecture, hôtellerie et culinaire. </span>[/vc_hoverbox][/vc_column_inner][vc_column_inner width=&#8221;1/4&#8243;][vc_hoverbox image=&#8221;4037&#8243; primary_title=&#8221;&#8221; hover_title=&#8221;Raphaël Olivier&#8221; shape=&#8221;square&#8221;]Basé à Bangkok, il travaille comme photographe d’entreprise, de portraits et d’architecture.[/vc_hoverbox][/vc_column_inner][vc_column_inner width=&#8221;1/4&#8243;][vc_hoverbox image=&#8221;4035&#8243; primary_title=&#8221;&#8221; hover_title=&#8221;Sandrine Roudeix&#8221; shape=&#8221;square&#8221;]Photographe basée à Paris, elle s’illustre comme portraitiste.[/vc_hoverbox][/vc_column_inner][/vc_row_inner][/vc_column][/vc_row]</p>
</div>
