{"id":2763,"date":"2018-10-30T10:31:20","date_gmt":"2018-10-30T09:31:20","guid":{"rendered":"http:\/\/abacacorporate.com\/?page_id=2763"},"modified":"2021-11-18T11:46:58","modified_gmt":"2021-11-18T10:46:58","slug":"demande-de-devis","status":"publish","type":"page","link":"https:\/\/abacapress.com\/corporate\/demande-de-devis\/","title":{"rendered":"Planifier un rendez-vous"},"content":{"rendered":"<div class=\"wpb-content-wrapper\"><p>[vc_row equal_height=\u00a0\u00bbyes\u00a0\u00bb content_placement=\u00a0\u00bbtop\u00a0\u00bb css=\u00a0\u00bb.vc_custom_1617707827933{padding-top: 0px !important;padding-bottom: 130px !important;}\u00a0\u00bb][vc_column offset=\u00a0\u00bbvc_col-lg-6 vc_col-md-12 vc_col-xs-12&Prime; css=\u00a0\u00bb.vc_custom_1540892789636{padding-top: 40px !important;}\u00a0\u00bb]<div class=\"edgtf-elements-holder   edgtf-one-column  edgtf-responsive-mode-768 \" ><div class=\"edgtf-eh-item    \"  data-item-class=\"edgtf-eh-custom-4166\" data-680=\"0 0 0 0\">\n\t<div class=\"edgtf-eh-item-inner\">\n\t\t<div class=\"edgtf-eh-item-content edgtf-eh-custom-4166\" style=\"padding: 0px 180px 0px 0px\">\n\t\t\t[vc_column_text]<\/p>\n<h2>Votre projet sur-mesure<\/h2>\n<p>[\/vc_column_text][vc_empty_space height=\u00a0\u00bb10px\u00a0\u00bb][vc_column_text el_class=\u00a0\u00bbtxt-justify\u00a0\u00bb]<\/p>\n<p style=\"color: black;\">Vous avez besoin de visuels ?<\/p>\n<p style=\"color: black;\"><strong style=\"color: #e21022;\">Nous sommes l\u00e0 pour les imaginer et les produire.<\/strong><\/p>\n<p style=\"color: black;\">N&rsquo;h\u00e9sitez pas \u00e0 remplir le formulaire ci-contre pour \u00eatre recontact\u00e9 ou <strong style=\"color: #e21022;\">pour planifier un rendez-vous avec l&rsquo;un de nos collaborateurs.<\/strong><\/p>\n<p style=\"color: black;\">Un projet urgent ? Contactez-nous au\u00a0<a href=\"tel:+33 1 84 80 52 39\"><span style=\"text-decoration: underline;\"><strong>+33 1 84 80 52 39<\/strong><\/span><\/a><\/p>\n<p style=\"color: black;\"><strong>On a h\u00e2te d\u2019\u00e9changer avec vous !<\/strong><\/p>\n<p>[\/vc_column_text][vc_empty_space height=\u00a0\u00bb20px\u00a0\u00bb][vc_single_image image=\u00a0\u00bb4907&Prime; img_size=\u00a0\u00bbfull\u00a0\u00bb][vc_column_text][\/vc_column_text][vc_empty_space height=\u00a0\u00bb50px\u00a0\u00bb]\t\t<\/div>\n\t<\/div>\n<\/div><\/div>[\/vc_column][vc_column offset=\u00a0\u00bbvc_col-lg-6 vc_col-md-12&Prime; css=\u00a0\u00bb.vc_custom_1540892891522{padding-top: 30px !important;}\u00a0\u00bb]\n<div class=\"wpcf7 no-js\" id=\"wpcf7-f2771-o1\" lang=\"en-US\" dir=\"ltr\" data-wpcf7-id=\"2771\">\n<div class=\"screen-reader-response\"><p role=\"status\" aria-live=\"polite\" aria-atomic=\"true\"><\/p> <ul><\/ul><\/div>\n<form action=\"\/corporate\/wp-json\/wp\/v2\/pages\/2763#wpcf7-f2771-o1\" method=\"post\" class=\"wpcf7-form init cf7_custom_style_1\" aria-label=\"Contact form\" novalidate=\"novalidate\" data-status=\"init\">\n<fieldset class=\"hidden-fields-container\"><input type=\"hidden\" name=\"_wpcf7\" value=\"2771\" \/><input type=\"hidden\" name=\"_wpcf7_version\" value=\"6.1.1\" \/><input type=\"hidden\" name=\"_wpcf7_locale\" value=\"en_US\" \/><input type=\"hidden\" name=\"_wpcf7_unit_tag\" value=\"wpcf7-f2771-o1\" \/><input type=\"hidden\" name=\"_wpcf7_container_post\" value=\"0\" \/><input type=\"hidden\" name=\"_wpcf7_posted_data_hash\" value=\"\" \/><input type=\"hidden\" name=\"_wpcf7_recaptcha_response\" value=\"\" \/>\n<\/fieldset>\n<p><span class=\"wpcf7-form-control-wrap\" data-name=\"your-name\"><input size=\"40\" maxlength=\"400\" class=\"wpcf7-form-control wpcf7-text wpcf7-validates-as-required\" aria-required=\"true\" aria-invalid=\"false\" placeholder=\"Nom*\" value=\"\" type=\"text\" name=\"your-name\" \/><\/span><br \/>\n<span class=\"wpcf7-form-control-wrap\" data-name=\"your-email\"><input size=\"40\" maxlength=\"400\" class=\"wpcf7-form-control wpcf7-email wpcf7-validates-as-required wpcf7-text wpcf7-validates-as-email\" aria-required=\"true\" aria-invalid=\"false\" placeholder=\"Email*\" value=\"\" type=\"email\" name=\"your-email\" \/><\/span><br \/>\n<span class=\"wpcf7-form-control-wrap\" data-name=\"tel-599\"><input size=\"40\" maxlength=\"400\" class=\"wpcf7-form-control wpcf7-tel wpcf7-validates-as-required wpcf7-text wpcf7-validates-as-tel\" aria-required=\"true\" aria-invalid=\"false\" placeholder=\"T\u00e9l\u00e9phone*\" value=\"\" type=\"tel\" name=\"tel-599\" \/><\/span>\n<\/p>\n<h4 style=\"color:#e52e36;\">Vous souhaitez faire de la :\n<\/h4>\n<p><span class=\"wpcf7-form-control-wrap\" data-name=\"checkbox-142\"><span class=\"wpcf7-form-control wpcf7-checkbox\"><span class=\"wpcf7-list-item first\"><input type=\"checkbox\" name=\"checkbox-142[]\" value=\"Photo\" \/><span class=\"wpcf7-list-item-label\">Photo<\/span><\/span><span class=\"wpcf7-list-item last\"><input type=\"checkbox\" name=\"checkbox-142[]\" value=\"Vid\u00e9o\" \/><span class=\"wpcf7-list-item-label\">Vid\u00e9o<\/span><\/span><\/span><\/span><br \/>\n<span class=\"wpcf7-form-control-wrap\" data-name=\"your-message\"><textarea cols=\"40\" rows=\"10\" maxlength=\"2000\" class=\"wpcf7-form-control wpcf7-textarea\" aria-invalid=\"false\" placeholder=\"Message*\" name=\"your-message\"><\/textarea><\/span>\n<\/p>\n<p><span class=\"wpcf7-form-control-wrap\" data-name=\"RGPD\"><span class=\"wpcf7-form-control wpcf7-checkbox wpcf7-validates-as-required\"><span class=\"wpcf7-list-item first last\"><input type=\"checkbox\" name=\"RGPD[]\" value=\"J&#039;ai lu et accepte la politique de confidentialit\u00e9 du site\" \/><span class=\"wpcf7-list-item-label\">J&#039;ai lu et accepte la politique de confidentialit\u00e9 du site<\/span><\/span><\/span><\/span>\n<\/p>\n<div class=\"ss-rgpd\" style=\"color:#black\">\n\t<p>En savoir plus sur notre <a href=\"https:\/\/abacapress.com\/corporate\/politique-de-confidentialite\/\">politique de confidentialit\u00e9<\/a>.\n\t<\/p>\n<\/div>\n\n<p><input class=\"wpcf7-form-control wpcf7-submit has-spinner\" id=\"btn-contact\" type=\"submit\" value=\"Envoyer\" \/>\n<\/p><div class=\"wpcf7-response-output\" aria-hidden=\"true\"><\/div>\n<\/form>\n<\/div>\n[\/vc_column][\/vc_row][vc_row][vc_column][vc_row_inner][vc_column_inner width=\u00a0\u00bb1\/4&Prime;][\/vc_column_inner][vc_column_inner width=\u00a0\u00bb1\/2&Prime;][vc_column_text]<\/p>\n<h2 style=\"text-align: center;\">D\u00e9couvrez notre galerie de photos<\/h2>\n<p>[\/vc_column_text][vc_separator][\/vc_column_inner][vc_column_inner width=\u00a0\u00bb1\/4&Prime;][\/vc_column_inner][\/vc_row_inner][vc_empty_space height=\u00a0\u00bb40px\u00a0\u00bb]<div class=\"edgtf-image-gallery\">\n\t<div class=\"edgtf-image-gallery-grid edgtf-gallery-columns-4 \" >\n\t\t\t\t\t<div class=\"edgtf-gallery-image\">\n\t\t\t\t\t\t\t\t<a href=\"https:\/\/abacapress.com\/corporate\/wp-content\/uploads\/2021\/11\/GalerieAbacaCorporate01.jpg\" data-rel=\"prettyPhoto[single_pretty_photo]\" title=\"GalerieAbacaCorporate01\">\n\t\t\t\t\t\t\t\t\t\t\t\t\t\t\t\t<img loading=\"lazy\" decoding=\"async\" width=\"1024\" height=\"682\" src=\"https:\/\/abacapress.com\/corporate\/wp-content\/uploads\/2021\/11\/GalerieAbacaCorporate01-1024x682.jpg\" class=\"attachment-large size-large\" alt=\"\" srcset=\"https:\/\/abacapress.com\/corporate\/wp-content\/uploads\/2021\/11\/GalerieAbacaCorporate01-1024x682.jpg 1024w, https:\/\/abacapress.com\/corporate\/wp-content\/uploads\/2021\/11\/GalerieAbacaCorporate01-300x200.jpg 300w, https:\/\/abacapress.com\/corporate\/wp-content\/uploads\/2021\/11\/GalerieAbacaCorporate01-768x512.jpg 768w, https:\/\/abacapress.com\/corporate\/wp-content\/uploads\/2021\/11\/GalerieAbacaCorporate01.jpg 1295w\" sizes=\"auto, (max-width: 1024px) 100vw, 1024px\" \/>\t\t\t\t\t\t\t\t\t\t\t\t\t\t<\/a>\n\t\t\t\t\t\t<\/div>\n\t\t\t\t\t<div class=\"edgtf-gallery-image\">\n\t\t\t\t\t\t\t\t<a href=\"https:\/\/abacapress.com\/corporate\/wp-content\/uploads\/2021\/11\/GalerieAbacaCorporate02.jpg\" data-rel=\"prettyPhoto[single_pretty_photo]\" title=\"GalerieAbacaCorporate02\">\n\t\t\t\t\t\t\t\t\t\t\t\t\t\t\t\t<img loading=\"lazy\" decoding=\"async\" width=\"1024\" height=\"682\" src=\"https:\/\/abacapress.com\/corporate\/wp-content\/uploads\/2021\/11\/GalerieAbacaCorporate02-1024x682.jpg\" class=\"attachment-large size-large\" alt=\"\" srcset=\"https:\/\/abacapress.com\/corporate\/wp-content\/uploads\/2021\/11\/GalerieAbacaCorporate02-1024x682.jpg 1024w, https:\/\/abacapress.com\/corporate\/wp-content\/uploads\/2021\/11\/GalerieAbacaCorporate02-300x200.jpg 300w, https:\/\/abacapress.com\/corporate\/wp-content\/uploads\/2021\/11\/GalerieAbacaCorporate02-768x512.jpg 768w, https:\/\/abacapress.com\/corporate\/wp-content\/uploads\/2021\/11\/GalerieAbacaCorporate02.jpg 1295w\" sizes=\"auto, (max-width: 1024px) 100vw, 1024px\" \/>\t\t\t\t\t\t\t\t\t\t\t\t\t\t<\/a>\n\t\t\t\t\t\t<\/div>\n\t\t\t\t\t<div class=\"edgtf-gallery-image\">\n\t\t\t\t\t\t\t\t<a href=\"https:\/\/abacapress.com\/corporate\/wp-content\/uploads\/2021\/11\/Abaca-corporate-14.jpg\" data-rel=\"prettyPhoto[single_pretty_photo]\" title=\"Abaca-corporate-14\">\n\t\t\t\t\t\t\t\t\t\t\t\t\t\t\t\t<img loading=\"lazy\" decoding=\"async\" width=\"1024\" height=\"682\" src=\"https:\/\/abacapress.com\/corporate\/wp-content\/uploads\/2021\/11\/Abaca-corporate-14-1024x682.jpg\" class=\"attachment-large size-large\" alt=\"\" srcset=\"https:\/\/abacapress.com\/corporate\/wp-content\/uploads\/2021\/11\/Abaca-corporate-14-1024x682.jpg 1024w, https:\/\/abacapress.com\/corporate\/wp-content\/uploads\/2021\/11\/Abaca-corporate-14-300x200.jpg 300w, https:\/\/abacapress.com\/corporate\/wp-content\/uploads\/2021\/11\/Abaca-corporate-14-768x512.jpg 768w, https:\/\/abacapress.com\/corporate\/wp-content\/uploads\/2021\/11\/Abaca-corporate-14.jpg 1295w\" sizes=\"auto, (max-width: 1024px) 100vw, 1024px\" \/>\t\t\t\t\t\t\t\t\t\t\t\t\t\t<\/a>\n\t\t\t\t\t\t<\/div>\n\t\t\t\t\t<div class=\"edgtf-gallery-image\">\n\t\t\t\t\t\t\t\t<a href=\"https:\/\/abacapress.com\/corporate\/wp-content\/uploads\/2021\/11\/GalerieAbacaCorporate04.jpg\" data-rel=\"prettyPhoto[single_pretty_photo]\" title=\"GalerieAbacaCorporate04\">\n\t\t\t\t\t\t\t\t\t\t\t\t\t\t\t\t<img loading=\"lazy\" decoding=\"async\" width=\"1024\" height=\"683\" src=\"https:\/\/abacapress.com\/corporate\/wp-content\/uploads\/2021\/11\/GalerieAbacaCorporate04-1024x683.jpg\" class=\"attachment-large size-large\" alt=\"\" srcset=\"https:\/\/abacapress.com\/corporate\/wp-content\/uploads\/2021\/11\/GalerieAbacaCorporate04-1024x683.jpg 1024w, https:\/\/abacapress.com\/corporate\/wp-content\/uploads\/2021\/11\/GalerieAbacaCorporate04-300x200.jpg 300w, https:\/\/abacapress.com\/corporate\/wp-content\/uploads\/2021\/11\/GalerieAbacaCorporate04-768x512.jpg 768w, https:\/\/abacapress.com\/corporate\/wp-content\/uploads\/2021\/11\/GalerieAbacaCorporate04.jpg 1295w\" sizes=\"auto, (max-width: 1024px) 100vw, 1024px\" \/>\t\t\t\t\t\t\t\t\t\t\t\t\t\t<\/a>\n\t\t\t\t\t\t<\/div>\n\t\t\t\t\t<div class=\"edgtf-gallery-image\">\n\t\t\t\t\t\t\t\t<a href=\"https:\/\/abacapress.com\/corporate\/wp-content\/uploads\/2021\/11\/GalerieAbacaCorporate05.jpg\" data-rel=\"prettyPhoto[single_pretty_photo]\" title=\"GalerieAbacaCorporate05\">\n\t\t\t\t\t\t\t\t\t\t\t\t\t\t\t\t<img loading=\"lazy\" decoding=\"async\" width=\"1024\" height=\"682\" src=\"https:\/\/abacapress.com\/corporate\/wp-content\/uploads\/2021\/11\/GalerieAbacaCorporate05-1024x682.jpg\" class=\"attachment-large size-large\" alt=\"\" srcset=\"https:\/\/abacapress.com\/corporate\/wp-content\/uploads\/2021\/11\/GalerieAbacaCorporate05-1024x682.jpg 1024w, https:\/\/abacapress.com\/corporate\/wp-content\/uploads\/2021\/11\/GalerieAbacaCorporate05-300x200.jpg 300w, https:\/\/abacapress.com\/corporate\/wp-content\/uploads\/2021\/11\/GalerieAbacaCorporate05-768x512.jpg 768w, https:\/\/abacapress.com\/corporate\/wp-content\/uploads\/2021\/11\/GalerieAbacaCorporate05.jpg 1295w\" sizes=\"auto, (max-width: 1024px) 100vw, 1024px\" \/>\t\t\t\t\t\t\t\t\t\t\t\t\t\t<\/a>\n\t\t\t\t\t\t<\/div>\n\t\t\t\t\t<div class=\"edgtf-gallery-image\">\n\t\t\t\t\t\t\t\t<a href=\"https:\/\/abacapress.com\/corporate\/wp-content\/uploads\/2021\/11\/GalerieAbacaCorporate06.jpg\" data-rel=\"prettyPhoto[single_pretty_photo]\" title=\"GalerieAbacaCorporate06\">\n\t\t\t\t\t\t\t\t\t\t\t\t\t\t\t\t<img loading=\"lazy\" decoding=\"async\" width=\"1024\" height=\"683\" src=\"https:\/\/abacapress.com\/corporate\/wp-content\/uploads\/2021\/11\/GalerieAbacaCorporate06-1024x683.jpg\" class=\"attachment-large size-large\" alt=\"\" srcset=\"https:\/\/abacapress.com\/corporate\/wp-content\/uploads\/2021\/11\/GalerieAbacaCorporate06-1024x683.jpg 1024w, https:\/\/abacapress.com\/corporate\/wp-content\/uploads\/2021\/11\/GalerieAbacaCorporate06-300x200.jpg 300w, https:\/\/abacapress.com\/corporate\/wp-content\/uploads\/2021\/11\/GalerieAbacaCorporate06-768x512.jpg 768w, https:\/\/abacapress.com\/corporate\/wp-content\/uploads\/2021\/11\/GalerieAbacaCorporate06.jpg 1295w\" sizes=\"auto, (max-width: 1024px) 100vw, 1024px\" \/>\t\t\t\t\t\t\t\t\t\t\t\t\t\t<\/a>\n\t\t\t\t\t\t<\/div>\n\t\t\t\t\t<div class=\"edgtf-gallery-image\">\n\t\t\t\t\t\t\t\t<a href=\"https:\/\/abacapress.com\/corporate\/wp-content\/uploads\/2021\/11\/GalerieAbacaCorporate07.jpg\" data-rel=\"prettyPhoto[single_pretty_photo]\" title=\"GalerieAbacaCorporate07\">\n\t\t\t\t\t\t\t\t\t\t\t\t\t\t\t\t<img loading=\"lazy\" decoding=\"async\" width=\"1024\" height=\"682\" src=\"https:\/\/abacapress.com\/corporate\/wp-content\/uploads\/2021\/11\/GalerieAbacaCorporate07-1024x682.jpg\" class=\"attachment-large size-large\" alt=\"\" srcset=\"https:\/\/abacapress.com\/corporate\/wp-content\/uploads\/2021\/11\/GalerieAbacaCorporate07-1024x682.jpg 1024w, https:\/\/abacapress.com\/corporate\/wp-content\/uploads\/2021\/11\/GalerieAbacaCorporate07-300x200.jpg 300w, https:\/\/abacapress.com\/corporate\/wp-content\/uploads\/2021\/11\/GalerieAbacaCorporate07-768x512.jpg 768w, https:\/\/abacapress.com\/corporate\/wp-content\/uploads\/2021\/11\/GalerieAbacaCorporate07.jpg 1295w\" sizes=\"auto, (max-width: 1024px) 100vw, 1024px\" \/>\t\t\t\t\t\t\t\t\t\t\t\t\t\t<\/a>\n\t\t\t\t\t\t<\/div>\n\t\t\t\t\t<div class=\"edgtf-gallery-image\">\n\t\t\t\t\t\t\t\t<a href=\"https:\/\/abacapress.com\/corporate\/wp-content\/uploads\/2021\/11\/GalerieAbacaCorporate08.jpg\" data-rel=\"prettyPhoto[single_pretty_photo]\" title=\"GalerieAbacaCorporate08\">\n\t\t\t\t\t\t\t\t\t\t\t\t\t\t\t\t<img loading=\"lazy\" decoding=\"async\" width=\"1024\" height=\"682\" src=\"https:\/\/abacapress.com\/corporate\/wp-content\/uploads\/2021\/11\/GalerieAbacaCorporate08-1024x682.jpg\" class=\"attachment-large size-large\" alt=\"\" srcset=\"https:\/\/abacapress.com\/corporate\/wp-content\/uploads\/2021\/11\/GalerieAbacaCorporate08-1024x682.jpg 1024w, https:\/\/abacapress.com\/corporate\/wp-content\/uploads\/2021\/11\/GalerieAbacaCorporate08-300x200.jpg 300w, https:\/\/abacapress.com\/corporate\/wp-content\/uploads\/2021\/11\/GalerieAbacaCorporate08-768x512.jpg 768w, https:\/\/abacapress.com\/corporate\/wp-content\/uploads\/2021\/11\/GalerieAbacaCorporate08.jpg 1295w\" sizes=\"auto, (max-width: 1024px) 100vw, 1024px\" \/>\t\t\t\t\t\t\t\t\t\t\t\t\t\t<\/a>\n\t\t\t\t\t\t<\/div>\n\t\t\t\t\t<div class=\"edgtf-gallery-image\">\n\t\t\t\t\t\t\t\t<a href=\"https:\/\/abacapress.com\/corporate\/wp-content\/uploads\/2021\/11\/GalerieAbacaCorporate09.jpg\" data-rel=\"prettyPhoto[single_pretty_photo]\" title=\"GalerieAbacaCorporate09\">\n\t\t\t\t\t\t\t\t\t\t\t\t\t\t\t\t<img loading=\"lazy\" decoding=\"async\" width=\"1024\" height=\"683\" src=\"https:\/\/abacapress.com\/corporate\/wp-content\/uploads\/2021\/11\/GalerieAbacaCorporate09-1024x683.jpg\" class=\"attachment-large size-large\" alt=\"\" srcset=\"https:\/\/abacapress.com\/corporate\/wp-content\/uploads\/2021\/11\/GalerieAbacaCorporate09-1024x683.jpg 1024w, https:\/\/abacapress.com\/corporate\/wp-content\/uploads\/2021\/11\/GalerieAbacaCorporate09-300x200.jpg 300w, https:\/\/abacapress.com\/corporate\/wp-content\/uploads\/2021\/11\/GalerieAbacaCorporate09-768x512.jpg 768w, https:\/\/abacapress.com\/corporate\/wp-content\/uploads\/2021\/11\/GalerieAbacaCorporate09.jpg 1295w\" sizes=\"auto, (max-width: 1024px) 100vw, 1024px\" \/>\t\t\t\t\t\t\t\t\t\t\t\t\t\t<\/a>\n\t\t\t\t\t\t<\/div>\n\t\t\t\t\t<div class=\"edgtf-gallery-image\">\n\t\t\t\t\t\t\t\t<a href=\"https:\/\/abacapress.com\/corporate\/wp-content\/uploads\/2021\/11\/GalerieAbacaCorporate10.jpg\" data-rel=\"prettyPhoto[single_pretty_photo]\" title=\"GalerieAbacaCorporate10\">\n\t\t\t\t\t\t\t\t\t\t\t\t\t\t\t\t<img loading=\"lazy\" decoding=\"async\" width=\"1024\" height=\"682\" src=\"https:\/\/abacapress.com\/corporate\/wp-content\/uploads\/2021\/11\/GalerieAbacaCorporate10-1024x682.jpg\" class=\"attachment-large size-large\" alt=\"\" srcset=\"https:\/\/abacapress.com\/corporate\/wp-content\/uploads\/2021\/11\/GalerieAbacaCorporate10-1024x682.jpg 1024w, https:\/\/abacapress.com\/corporate\/wp-content\/uploads\/2021\/11\/GalerieAbacaCorporate10-300x200.jpg 300w, https:\/\/abacapress.com\/corporate\/wp-content\/uploads\/2021\/11\/GalerieAbacaCorporate10-768x512.jpg 768w, https:\/\/abacapress.com\/corporate\/wp-content\/uploads\/2021\/11\/GalerieAbacaCorporate10.jpg 1295w\" sizes=\"auto, (max-width: 1024px) 100vw, 1024px\" \/>\t\t\t\t\t\t\t\t\t\t\t\t\t\t<\/a>\n\t\t\t\t\t\t<\/div>\n\t\t\t\t\t<div class=\"edgtf-gallery-image\">\n\t\t\t\t\t\t\t\t<a href=\"https:\/\/abacapress.com\/corporate\/wp-content\/uploads\/2021\/11\/Abaca-corporate-5.jpg\" data-rel=\"prettyPhoto[single_pretty_photo]\" title=\"Abaca-corporate-5\">\n\t\t\t\t\t\t\t\t\t\t\t\t\t\t\t\t<img loading=\"lazy\" decoding=\"async\" width=\"1024\" height=\"682\" src=\"https:\/\/abacapress.com\/corporate\/wp-content\/uploads\/2021\/11\/Abaca-corporate-5-1024x682.jpg\" class=\"attachment-large size-large\" alt=\"\" srcset=\"https:\/\/abacapress.com\/corporate\/wp-content\/uploads\/2021\/11\/Abaca-corporate-5-1024x682.jpg 1024w, https:\/\/abacapress.com\/corporate\/wp-content\/uploads\/2021\/11\/Abaca-corporate-5-300x200.jpg 300w, https:\/\/abacapress.com\/corporate\/wp-content\/uploads\/2021\/11\/Abaca-corporate-5-768x512.jpg 768w, https:\/\/abacapress.com\/corporate\/wp-content\/uploads\/2021\/11\/Abaca-corporate-5.jpg 1295w\" sizes=\"auto, (max-width: 1024px) 100vw, 1024px\" \/>\t\t\t\t\t\t\t\t\t\t\t\t\t\t<\/a>\n\t\t\t\t\t\t<\/div>\n\t\t\t\t\t<div class=\"edgtf-gallery-image\">\n\t\t\t\t\t\t\t\t<a href=\"https:\/\/abacapress.com\/corporate\/wp-content\/uploads\/2021\/11\/GalerieAbacaCorporate12.jpg\" data-rel=\"prettyPhoto[single_pretty_photo]\" title=\"GalerieAbacaCorporate12\">\n\t\t\t\t\t\t\t\t\t\t\t\t\t\t\t\t<img loading=\"lazy\" decoding=\"async\" width=\"1024\" height=\"682\" src=\"https:\/\/abacapress.com\/corporate\/wp-content\/uploads\/2021\/11\/GalerieAbacaCorporate12-1024x682.jpg\" class=\"attachment-large size-large\" alt=\"\" srcset=\"https:\/\/abacapress.com\/corporate\/wp-content\/uploads\/2021\/11\/GalerieAbacaCorporate12-1024x682.jpg 1024w, https:\/\/abacapress.com\/corporate\/wp-content\/uploads\/2021\/11\/GalerieAbacaCorporate12-300x200.jpg 300w, https:\/\/abacapress.com\/corporate\/wp-content\/uploads\/2021\/11\/GalerieAbacaCorporate12-768x512.jpg 768w, https:\/\/abacapress.com\/corporate\/wp-content\/uploads\/2021\/11\/GalerieAbacaCorporate12.jpg 1295w\" sizes=\"auto, (max-width: 1024px) 100vw, 1024px\" \/>\t\t\t\t\t\t\t\t\t\t\t\t\t\t<\/a>\n\t\t\t\t\t\t<\/div>\n\t\t\t\t\t<div class=\"edgtf-gallery-image\">\n\t\t\t\t\t\t\t\t<a href=\"https:\/\/abacapress.com\/corporate\/wp-content\/uploads\/2021\/11\/Abaca-corporate-13.jpg\" data-rel=\"prettyPhoto[single_pretty_photo]\" title=\"Abaca-corporate-13\">\n\t\t\t\t\t\t\t\t\t\t\t\t\t\t\t\t<img loading=\"lazy\" decoding=\"async\" width=\"1024\" height=\"682\" src=\"https:\/\/abacapress.com\/corporate\/wp-content\/uploads\/2021\/11\/Abaca-corporate-13-1024x682.jpg\" class=\"attachment-large size-large\" alt=\"\" srcset=\"https:\/\/abacapress.com\/corporate\/wp-content\/uploads\/2021\/11\/Abaca-corporate-13-1024x682.jpg 1024w, https:\/\/abacapress.com\/corporate\/wp-content\/uploads\/2021\/11\/Abaca-corporate-13-300x200.jpg 300w, https:\/\/abacapress.com\/corporate\/wp-content\/uploads\/2021\/11\/Abaca-corporate-13-768x512.jpg 768w, https:\/\/abacapress.com\/corporate\/wp-content\/uploads\/2021\/11\/Abaca-corporate-13.jpg 1295w\" sizes=\"auto, (max-width: 1024px) 100vw, 1024px\" \/>\t\t\t\t\t\t\t\t\t\t\t\t\t\t<\/a>\n\t\t\t\t\t\t<\/div>\n\t\t\t\t\t<div class=\"edgtf-gallery-image\">\n\t\t\t\t\t\t\t\t<a href=\"https:\/\/abacapress.com\/corporate\/wp-content\/uploads\/2021\/11\/Abaca-corporate-11.jpg\" data-rel=\"prettyPhoto[single_pretty_photo]\" title=\"Abaca-corporate-11\">\n\t\t\t\t\t\t\t\t\t\t\t\t\t\t\t\t<img loading=\"lazy\" decoding=\"async\" width=\"1024\" height=\"682\" src=\"https:\/\/abacapress.com\/corporate\/wp-content\/uploads\/2021\/11\/Abaca-corporate-11-1024x682.jpg\" class=\"attachment-large size-large\" alt=\"\" srcset=\"https:\/\/abacapress.com\/corporate\/wp-content\/uploads\/2021\/11\/Abaca-corporate-11-1024x682.jpg 1024w, https:\/\/abacapress.com\/corporate\/wp-content\/uploads\/2021\/11\/Abaca-corporate-11-300x200.jpg 300w, https:\/\/abacapress.com\/corporate\/wp-content\/uploads\/2021\/11\/Abaca-corporate-11-768x512.jpg 768w, https:\/\/abacapress.com\/corporate\/wp-content\/uploads\/2021\/11\/Abaca-corporate-11.jpg 1295w\" sizes=\"auto, (max-width: 1024px) 100vw, 1024px\" \/>\t\t\t\t\t\t\t\t\t\t\t\t\t\t<\/a>\n\t\t\t\t\t\t<\/div>\n\t\t\t\t\t<div class=\"edgtf-gallery-image\">\n\t\t\t\t\t\t\t\t<a href=\"https:\/\/abacapress.com\/corporate\/wp-content\/uploads\/2021\/11\/GalerieAbacaCorporate15.jpg\" data-rel=\"prettyPhoto[single_pretty_photo]\" title=\"GalerieAbacaCorporate15\">\n\t\t\t\t\t\t\t\t\t\t\t\t\t\t\t\t<img loading=\"lazy\" decoding=\"async\" width=\"1024\" height=\"682\" src=\"https:\/\/abacapress.com\/corporate\/wp-content\/uploads\/2021\/11\/GalerieAbacaCorporate15-1024x682.jpg\" class=\"attachment-large size-large\" alt=\"\" srcset=\"https:\/\/abacapress.com\/corporate\/wp-content\/uploads\/2021\/11\/GalerieAbacaCorporate15-1024x682.jpg 1024w, https:\/\/abacapress.com\/corporate\/wp-content\/uploads\/2021\/11\/GalerieAbacaCorporate15-300x200.jpg 300w, https:\/\/abacapress.com\/corporate\/wp-content\/uploads\/2021\/11\/GalerieAbacaCorporate15-768x512.jpg 768w, https:\/\/abacapress.com\/corporate\/wp-content\/uploads\/2021\/11\/GalerieAbacaCorporate15.jpg 1295w\" sizes=\"auto, (max-width: 1024px) 100vw, 1024px\" \/>\t\t\t\t\t\t\t\t\t\t\t\t\t\t<\/a>\n\t\t\t\t\t\t<\/div>\n\t\t\t\t\t<div class=\"edgtf-gallery-image\">\n\t\t\t\t\t\t\t\t<a href=\"https:\/\/abacapress.com\/corporate\/wp-content\/uploads\/2021\/11\/GalerieAbacaCorporate16.jpg\" data-rel=\"prettyPhoto[single_pretty_photo]\" title=\"GalerieAbacaCorporate16\">\n\t\t\t\t\t\t\t\t\t\t\t\t\t\t\t\t<img loading=\"lazy\" decoding=\"async\" width=\"1024\" height=\"682\" src=\"https:\/\/abacapress.com\/corporate\/wp-content\/uploads\/2021\/11\/GalerieAbacaCorporate16-1024x682.jpg\" class=\"attachment-large size-large\" alt=\"\" srcset=\"https:\/\/abacapress.com\/corporate\/wp-content\/uploads\/2021\/11\/GalerieAbacaCorporate16-1024x682.jpg 1024w, https:\/\/abacapress.com\/corporate\/wp-content\/uploads\/2021\/11\/GalerieAbacaCorporate16-300x200.jpg 300w, https:\/\/abacapress.com\/corporate\/wp-content\/uploads\/2021\/11\/GalerieAbacaCorporate16-768x512.jpg 768w, https:\/\/abacapress.com\/corporate\/wp-content\/uploads\/2021\/11\/GalerieAbacaCorporate16.jpg 1295w\" sizes=\"auto, (max-width: 1024px) 100vw, 1024px\" \/>\t\t\t\t\t\t\t\t\t\t\t\t\t\t<\/a>\n\t\t\t\t\t\t<\/div>\n\t\t\t<\/div>\n<\/div>[\/vc_column][\/vc_row]<\/p>\n<\/div>","protected":false},"excerpt":{"rendered":"<p>[vc_row equal_height=\u00a0\u00bbyes\u00a0\u00bb content_placement=\u00a0\u00bbtop\u00a0\u00bb css=\u00a0\u00bb.vc_custom_1617707827933{padding-top: 0px !important;padding-bottom: 130px !important;}\u00a0\u00bb][vc_column offset=\u00a0\u00bbvc_col-lg-6 vc_col-md-12 vc_col-xs-12&Prime; css=\u00a0\u00bb.vc_custom_1540892789636{padding-top: 40px !important;}\u00a0\u00bb][\/vc_column][vc_column offset=\u00a0\u00bbvc_col-lg-6 vc_col-md-12&Prime; css=\u00a0\u00bb.vc_custom_1540892891522{padding-top: 30px !important;}\u00a0\u00bb][\/vc_column][\/vc_row][vc_row][vc_column][vc_row_inner][vc_column_inner width=\u00a0\u00bb1\/4&Prime;][\/vc_column_inner][vc_column_inner width=\u00a0\u00bb1\/2&Prime;][vc_column_text] D\u00e9couvrez notre galerie de photos [\/vc_column_text][vc_separator][\/vc_column_inner][vc_column_inner width=\u00a0\u00bb1\/4&Prime;][\/vc_column_inner][\/vc_row_inner][vc_empty_space height=\u00a0\u00bb40px\u00a0\u00bb][\/vc_column][\/vc_row]<\/p>\n","protected":false},"author":4,"featured_media":0,"parent":0,"menu_order":0,"comment_status":"closed","ping_status":"closed","template":"","meta":{"footnotes":""},"class_list":["post-2763","page","type-page","status-publish","hentry"],"_links":{"self":[{"href":"https:\/\/abacapress.com\/corporate\/wp-json\/wp\/v2\/pages\/2763","targetHints":{"allow":["GET"]}}],"collection":[{"href":"https:\/\/abacapress.com\/corporate\/wp-json\/wp\/v2\/pages"}],"about":[{"href":"https:\/\/abacapress.com\/corporate\/wp-json\/wp\/v2\/types\/page"}],"author":[{"embeddable":true,"href":"https:\/\/abacapress.com\/corporate\/wp-json\/wp\/v2\/users\/4"}],"replies":[{"embeddable":true,"href":"https:\/\/abacapress.com\/corporate\/wp-json\/wp\/v2\/comments?post=2763"}],"version-history":[{"count":0,"href":"https:\/\/abacapress.com\/corporate\/wp-json\/wp\/v2\/pages\/2763\/revisions"}],"wp:attachment":[{"href":"https:\/\/abacapress.com\/corporate\/wp-json\/wp\/v2\/media?parent=2763"}],"curies":[{"name":"wp","href":"https:\/\/api.w.org\/{rel}","templated":true}]}}