{"id":2784,"date":"2018-10-30T10:59:29","date_gmt":"2018-10-30T09:59:29","guid":{"rendered":"http:\/\/abacacorporate.com\/?page_id=2784"},"modified":"2019-11-04T15:27:46","modified_gmt":"2019-11-04T14:27:46","slug":"nos-services","status":"publish","type":"page","link":"https:\/\/abacapress.com\/corporate\/nos-services\/","title":{"rendered":"Nos services"},"content":{"rendered":"<div class=\"wpb-content-wrapper\"><p>[vc_row css=\u00a0\u00bb.vc_custom_1542037936879{padding-top: 50px !important;padding-right: 30px !important;padding-bottom: 60px !important;padding-left: 30px !important;}\u00a0\u00bb][vc_column]<div class=\"edgtf-portfolio-list-holder edgtf-pl-gallery edgtf-normal-space edgtf-pl-three-columns edgtf-pl-gallery-slide-from-image-bottom     edgtf-pl-pag-no-pagination     \"  data-type=gallery data-number-of-columns=3 data-space-between-items=normal data-number-of-items=-1 data-image-proportions=full data-enable-fixed-proportions=no data-enable-image-shadow=no data-selected-projects=2746, 2704, 2705, 2738, 2739, 457 data-order-by=date data-order=ASC data-item-style=gallery-slide-from-image-bottom data-enable-title=yes data-title-tag=h4 data-enable-category=yes data-enable-excerpt=no data-excerpt-length=20 data-pagination-type=no-pagination data-filter=no data-filter-order-by=name data-enable-article-animation=no data-portfolio-slider-on=no data-enable-loop=yes data-enable-autoplay=yes data-slider-speed=5000 data-slider-speed-animation=600 data-enable-navigation=yes data-enable-pagination=yes data-enable-center=no data-enable-auto-width=no data-slider-padding=no data-max-num-pages=0 data-next-page=2>\n\t\t\n\t<div class=\"edgtf-pl-inner  clearfix\">\n\t\t<article class=\"edgtf-pl-item  post-457 portfolio-item type-portfolio-item status-publish has-post-thumbnail hentry portfolio-category-abaca-corporate\">\n\t<div class=\"edgtf-pl-item-inner\">\n\t\t<div class=\"edgtf-pli-image\">\n\t\t\t<img loading=\"lazy\" decoding=\"async\" width=\"1920\" height=\"1100\" src=\"https:\/\/abacapress.com\/corporate\/wp-content\/uploads\/2017\/06\/portrait-abaca-corporate-11.jpg\" class=\"attachment-full size-full wp-post-image\" alt=\"R\u00e9alisation de portraits corporate pour votre entreprise\" srcset=\"https:\/\/abacapress.com\/corporate\/wp-content\/uploads\/2017\/06\/portrait-abaca-corporate-11.jpg 1920w, https:\/\/abacapress.com\/corporate\/wp-content\/uploads\/2017\/06\/portrait-abaca-corporate-11-300x172.jpg 300w, https:\/\/abacapress.com\/corporate\/wp-content\/uploads\/2017\/06\/portrait-abaca-corporate-11-768x440.jpg 768w, https:\/\/abacapress.com\/corporate\/wp-content\/uploads\/2017\/06\/portrait-abaca-corporate-11-1024x587.jpg 1024w, https:\/\/abacapress.com\/corporate\/wp-content\/uploads\/2017\/06\/portrait-abaca-corporate-11-600x344.jpg 600w\" sizes=\"auto, (max-width: 1920px) 100vw, 1920px\" \/>\t<\/div>\n<div class=\"edgtf-pli-text-holder\">\n\t\t<h4 itemprop=\"name\" class=\"edgtf-pli-title entry-title\" >\n\t\tPortraits d\u2019entreprise\t<\/h4>\n\n\t\t\t<div class=\"edgtf-pli-category-holder\">\n\t\t\t\t\t\t\t<a itemprop=\"url\" class=\"edgtf-pli-category\" href=\"https:\/\/abacapress.com\/corporate\/portfolio-category\/abaca-corporate\/\">Abaca Corporate<\/a>\n\t\t\t\t\t<\/div>\n\t<\/div>\n\t\t<a itemprop=\"url\" class=\"edgtf-pli-link edgtf-block-drag-link\" href=\"https:\/\/abacapress.com\/corporate\/portfolio-item\/portraits-dentreprise\/\" target=\"_self\"><\/a>\n\t<\/div>\n<\/article><article class=\"edgtf-pl-item  post-2705 portfolio-item type-portfolio-item status-publish has-post-thumbnail hentry portfolio-category-abaca-corporate\">\n\t<div class=\"edgtf-pl-item-inner\">\n\t\t<div class=\"edgtf-pli-image\">\n\t\t\t<img loading=\"lazy\" decoding=\"async\" width=\"1920\" height=\"1100\" src=\"https:\/\/abacapress.com\/corporate\/wp-content\/uploads\/2018\/10\/reportage-abaca-corporate-5.jpg\" class=\"attachment-full size-full wp-post-image\" alt=\"Reportage photo Abaca Corporate\" srcset=\"https:\/\/abacapress.com\/corporate\/wp-content\/uploads\/2018\/10\/reportage-abaca-corporate-5.jpg 1920w, https:\/\/abacapress.com\/corporate\/wp-content\/uploads\/2018\/10\/reportage-abaca-corporate-5-300x172.jpg 300w, https:\/\/abacapress.com\/corporate\/wp-content\/uploads\/2018\/10\/reportage-abaca-corporate-5-768x440.jpg 768w, https:\/\/abacapress.com\/corporate\/wp-content\/uploads\/2018\/10\/reportage-abaca-corporate-5-1024x587.jpg 1024w, https:\/\/abacapress.com\/corporate\/wp-content\/uploads\/2018\/10\/reportage-abaca-corporate-5-600x344.jpg 600w\" sizes=\"auto, (max-width: 1920px) 100vw, 1920px\" \/>\t<\/div>\n<div class=\"edgtf-pli-text-holder\">\n\t\t<h4 itemprop=\"name\" class=\"edgtf-pli-title entry-title\" >\n\t\tReportage\t<\/h4>\n\n\t\t\t<div class=\"edgtf-pli-category-holder\">\n\t\t\t\t\t\t\t<a itemprop=\"url\" class=\"edgtf-pli-category\" href=\"https:\/\/abacapress.com\/corporate\/portfolio-category\/abaca-corporate\/\">Abaca Corporate<\/a>\n\t\t\t\t\t<\/div>\n\t<\/div>\n\t\t<a itemprop=\"url\" class=\"edgtf-pli-link edgtf-block-drag-link\" href=\"https:\/\/abacapress.com\/corporate\/portfolio-item\/reportage\/\" target=\"_self\"><\/a>\n\t<\/div>\n<\/article><article class=\"edgtf-pl-item  post-2704 portfolio-item type-portfolio-item status-publish has-post-thumbnail hentry portfolio-category-abaca-corporate\">\n\t<div class=\"edgtf-pl-item-inner\">\n\t\t<div class=\"edgtf-pli-image\">\n\t\t\t<img loading=\"lazy\" decoding=\"async\" width=\"1920\" height=\"1100\" src=\"https:\/\/abacapress.com\/corporate\/wp-content\/uploads\/2018\/10\/photo-hotelerie-deco-abaca-corpo.jpg\" class=\"attachment-full size-full wp-post-image\" alt=\"Photographie d&#039;h\u00f4tellerie\" srcset=\"https:\/\/abacapress.com\/corporate\/wp-content\/uploads\/2018\/10\/photo-hotelerie-deco-abaca-corpo.jpg 1920w, https:\/\/abacapress.com\/corporate\/wp-content\/uploads\/2018\/10\/photo-hotelerie-deco-abaca-corpo-300x172.jpg 300w, https:\/\/abacapress.com\/corporate\/wp-content\/uploads\/2018\/10\/photo-hotelerie-deco-abaca-corpo-768x440.jpg 768w, https:\/\/abacapress.com\/corporate\/wp-content\/uploads\/2018\/10\/photo-hotelerie-deco-abaca-corpo-1024x587.jpg 1024w, https:\/\/abacapress.com\/corporate\/wp-content\/uploads\/2018\/10\/photo-hotelerie-deco-abaca-corpo-600x344.jpg 600w\" sizes=\"auto, (max-width: 1920px) 100vw, 1920px\" \/>\t<\/div>\n<div class=\"edgtf-pli-text-holder\">\n\t\t<h4 itemprop=\"name\" class=\"edgtf-pli-title entry-title\" >\n\t\tPhotographie d&rsquo;h\u00f4tellerie et de d\u00e9coration\t<\/h4>\n\n\t\t\t<div class=\"edgtf-pli-category-holder\">\n\t\t\t\t\t\t\t<a itemprop=\"url\" class=\"edgtf-pli-category\" href=\"https:\/\/abacapress.com\/corporate\/portfolio-category\/abaca-corporate\/\">Abaca Corporate<\/a>\n\t\t\t\t\t<\/div>\n\t<\/div>\n\t\t<a itemprop=\"url\" class=\"edgtf-pli-link edgtf-block-drag-link\" href=\"https:\/\/abacapress.com\/corporate\/portfolio-item\/photographie-hotelliere-et-decoration\/\" target=\"_self\"><\/a>\n\t<\/div>\n<\/article><article class=\"edgtf-pl-item  post-2738 portfolio-item type-portfolio-item status-publish has-post-thumbnail hentry portfolio-category-abaca-corporate\">\n\t<div class=\"edgtf-pl-item-inner\">\n\t\t<div class=\"edgtf-pli-image\">\n\t\t\t<img loading=\"lazy\" decoding=\"async\" width=\"1920\" height=\"1100\" src=\"https:\/\/abacapress.com\/corporate\/wp-content\/uploads\/2018\/10\/photo-video-evenementiel-10.jpg\" class=\"attachment-full size-full wp-post-image\" alt=\"Photographie et vid\u00e9o \u00e9v\u00e9nementielle\" srcset=\"https:\/\/abacapress.com\/corporate\/wp-content\/uploads\/2018\/10\/photo-video-evenementiel-10.jpg 1920w, https:\/\/abacapress.com\/corporate\/wp-content\/uploads\/2018\/10\/photo-video-evenementiel-10-300x172.jpg 300w, https:\/\/abacapress.com\/corporate\/wp-content\/uploads\/2018\/10\/photo-video-evenementiel-10-768x440.jpg 768w, https:\/\/abacapress.com\/corporate\/wp-content\/uploads\/2018\/10\/photo-video-evenementiel-10-1024x587.jpg 1024w, https:\/\/abacapress.com\/corporate\/wp-content\/uploads\/2018\/10\/photo-video-evenementiel-10-600x344.jpg 600w\" sizes=\"auto, (max-width: 1920px) 100vw, 1920px\" \/>\t<\/div>\n<div class=\"edgtf-pli-text-holder\">\n\t\t<h4 itemprop=\"name\" class=\"edgtf-pli-title entry-title\" >\n\t\tPhotographie et vid\u00e9o \u00e9v\u00e9nementielle\t<\/h4>\n\n\t\t\t<div class=\"edgtf-pli-category-holder\">\n\t\t\t\t\t\t\t<a itemprop=\"url\" class=\"edgtf-pli-category\" href=\"https:\/\/abacapress.com\/corporate\/portfolio-category\/abaca-corporate\/\">Abaca Corporate<\/a>\n\t\t\t\t\t<\/div>\n\t<\/div>\n\t\t<a itemprop=\"url\" class=\"edgtf-pli-link edgtf-block-drag-link\" href=\"https:\/\/abacapress.com\/corporate\/portfolio-item\/photographie-et-video-evenementielle\/\" target=\"_self\"><\/a>\n\t<\/div>\n<\/article><article class=\"edgtf-pl-item  post-2739 portfolio-item type-portfolio-item status-publish has-post-thumbnail hentry portfolio-category-abaca-corporate\">\n\t<div class=\"edgtf-pl-item-inner\">\n\t\t<div class=\"edgtf-pli-image\">\n\t\t\t<img loading=\"lazy\" decoding=\"async\" width=\"1920\" height=\"1100\" src=\"https:\/\/abacapress.com\/corporate\/wp-content\/uploads\/2018\/10\/img-architecture-6.jpg\" class=\"attachment-full size-full wp-post-image\" alt=\"Photographie architecture et int\u00e9rieure\" srcset=\"https:\/\/abacapress.com\/corporate\/wp-content\/uploads\/2018\/10\/img-architecture-6.jpg 1920w, https:\/\/abacapress.com\/corporate\/wp-content\/uploads\/2018\/10\/img-architecture-6-300x172.jpg 300w, https:\/\/abacapress.com\/corporate\/wp-content\/uploads\/2018\/10\/img-architecture-6-768x440.jpg 768w, https:\/\/abacapress.com\/corporate\/wp-content\/uploads\/2018\/10\/img-architecture-6-1024x587.jpg 1024w, https:\/\/abacapress.com\/corporate\/wp-content\/uploads\/2018\/10\/img-architecture-6-600x344.jpg 600w\" sizes=\"auto, (max-width: 1920px) 100vw, 1920px\" \/>\t<\/div>\n<div class=\"edgtf-pli-text-holder\">\n\t\t<h4 itemprop=\"name\" class=\"edgtf-pli-title entry-title\" >\n\t\tPhotographie architecture et int\u00e9rieure\t<\/h4>\n\n\t\t\t<div class=\"edgtf-pli-category-holder\">\n\t\t\t\t\t\t\t<a itemprop=\"url\" class=\"edgtf-pli-category\" href=\"https:\/\/abacapress.com\/corporate\/portfolio-category\/abaca-corporate\/\">Abaca Corporate<\/a>\n\t\t\t\t\t<\/div>\n\t<\/div>\n\t\t<a itemprop=\"url\" class=\"edgtf-pli-link edgtf-block-drag-link\" href=\"https:\/\/abacapress.com\/corporate\/portfolio-item\/photographie-architecture-et-interieure\/\" target=\"_self\"><\/a>\n\t<\/div>\n<\/article><article class=\"edgtf-pl-item  post-2746 portfolio-item type-portfolio-item status-publish has-post-thumbnail hentry portfolio-category-abaca-corporate\">\n\t<div class=\"edgtf-pl-item-inner\">\n\t\t<div class=\"edgtf-pli-image\">\n\t\t\t<img loading=\"lazy\" decoding=\"async\" width=\"1920\" height=\"1100\" src=\"https:\/\/abacapress.com\/corporate\/wp-content\/uploads\/2018\/10\/photo-culinaire-abaca-corpo-3.jpg\" class=\"attachment-full size-full wp-post-image\" alt=\"Photo culinaire\" srcset=\"https:\/\/abacapress.com\/corporate\/wp-content\/uploads\/2018\/10\/photo-culinaire-abaca-corpo-3.jpg 1920w, https:\/\/abacapress.com\/corporate\/wp-content\/uploads\/2018\/10\/photo-culinaire-abaca-corpo-3-300x172.jpg 300w, https:\/\/abacapress.com\/corporate\/wp-content\/uploads\/2018\/10\/photo-culinaire-abaca-corpo-3-768x440.jpg 768w, https:\/\/abacapress.com\/corporate\/wp-content\/uploads\/2018\/10\/photo-culinaire-abaca-corpo-3-1024x587.jpg 1024w, https:\/\/abacapress.com\/corporate\/wp-content\/uploads\/2018\/10\/photo-culinaire-abaca-corpo-3-600x344.jpg 600w\" sizes=\"auto, (max-width: 1920px) 100vw, 1920px\" \/>\t<\/div>\n<div class=\"edgtf-pli-text-holder\">\n\t\t<h4 itemprop=\"name\" class=\"edgtf-pli-title entry-title\" >\n\t\tPhotographie culinaire\t<\/h4>\n\n\t\t\t<div class=\"edgtf-pli-category-holder\">\n\t\t\t\t\t\t\t<a itemprop=\"url\" class=\"edgtf-pli-category\" href=\"https:\/\/abacapress.com\/corporate\/portfolio-category\/abaca-corporate\/\">Abaca Corporate<\/a>\n\t\t\t\t\t<\/div>\n\t<\/div>\n\t\t<a itemprop=\"url\" class=\"edgtf-pli-link edgtf-block-drag-link\" href=\"https:\/\/abacapress.com\/corporate\/portfolio-item\/photographie-culinaire\/\" target=\"_self\"><\/a>\n\t<\/div>\n<\/article>\t<\/div>\n\t\n\t<\/div>[\/vc_column][\/vc_row][vc_row content_placement=\u00a0\u00bbmiddle\u00a0\u00bb row_content_width=\u00a0\u00bbgrid\u00a0\u00bb css=\u00a0\u00bb.vc_custom_1540482231610{padding-bottom: 40px !important;background-color: #f8f9fb !important;}\u00a0\u00bb el_class=\u00a0\u00bbcta-devis\u00a0\u00bb][vc_column width=\u00a0\u00bb2\/3&Prime; css=\u00a0\u00bb.vc_custom_1540482206881{padding-left: 30px !important;}\u00a0\u00bb][vc_column_text]<\/p>\n<h3>Vous \u00eates int\u00e9ress\u00e9s par un de nos services ?<\/h3>\n<p>N&rsquo;h\u00e9sitez pas \u00e0 faire appel \u00e0 nos \u00e9quipes pour plus d&rsquo;informations.[\/vc_column_text][\/vc_column][vc_column width=\u00a0\u00bb1\/3&Prime; css=\u00a0\u00bb.vc_custom_1540482442545{padding-top: 60px !important;}\u00a0\u00bb][vc_btn title=\u00a0\u00bbDEVIS\u00a0\u00bb style=\u00a0\u00bboutline-custom\u00a0\u00bb outline_custom_color=\u00a0\u00bb#e52e36&Prime; outline_custom_hover_background=\u00a0\u00bb#e52e36&Prime; outline_custom_hover_text=\u00a0\u00bb#ffffff\u00a0\u00bb shape=\u00a0\u00bbsquare\u00a0\u00bb size=\u00a0\u00bbsm\u00a0\u00bb align=\u00a0\u00bbcenter\u00a0\u00bb link=\u00a0\u00bburl:https%3A%2F%2Fabacapress.com%2Fcorporate%2Fdemande-de-devis%2F|||\u00a0\u00bb][\/vc_column][\/vc_row]<\/p>\n<\/div>","protected":false},"excerpt":{"rendered":"<p>[vc_row css=\u00a0\u00bb.vc_custom_1542037936879{padding-top: 50px !important;padding-right: 30px !important;padding-bottom: 60px !important;padding-left: 30px !important;}\u00a0\u00bb][vc_column][\/vc_column][\/vc_row][vc_row content_placement=\u00a0\u00bbmiddle\u00a0\u00bb row_content_width=\u00a0\u00bbgrid\u00a0\u00bb css=\u00a0\u00bb.vc_custom_1540482231610{padding-bottom: 40px !important;background-color: #f8f9fb !important;}\u00a0\u00bb el_class=\u00a0\u00bbcta-devis\u00a0\u00bb][vc_column width=\u00a0\u00bb2\/3&Prime; css=\u00a0\u00bb.vc_custom_1540482206881{padding-left: 30px !important;}\u00a0\u00bb][vc_column_text] Vous \u00eates int\u00e9ress\u00e9s par un de nos services ? N&rsquo;h\u00e9sitez pas \u00e0 faire appel \u00e0 nos \u00e9quipes pour [&hellip;]<\/p>\n","protected":false},"author":4,"featured_media":0,"parent":0,"menu_order":0,"comment_status":"closed","ping_status":"closed","template":"full-width.php","meta":{"footnotes":""},"class_list":["post-2784","page","type-page","status-publish","hentry"],"_links":{"self":[{"href":"https:\/\/abacapress.com\/corporate\/wp-json\/wp\/v2\/pages\/2784","targetHints":{"allow":["GET"]}}],"collection":[{"href":"https:\/\/abacapress.com\/corporate\/wp-json\/wp\/v2\/pages"}],"about":[{"href":"https:\/\/abacapress.com\/corporate\/wp-json\/wp\/v2\/types\/page"}],"author":[{"embeddable":true,"href":"https:\/\/abacapress.com\/corporate\/wp-json\/wp\/v2\/users\/4"}],"replies":[{"embeddable":true,"href":"https:\/\/abacapress.com\/corporate\/wp-json\/wp\/v2\/comments?post=2784"}],"version-history":[{"count":0,"href":"https:\/\/abacapress.com\/corporate\/wp-json\/wp\/v2\/pages\/2784\/revisions"}],"wp:attachment":[{"href":"https:\/\/abacapress.com\/corporate\/wp-json\/wp\/v2\/media?parent=2784"}],"curies":[{"name":"wp","href":"https:\/\/api.w.org\/{rel}","templated":true}]}}