{"id":181,"date":"2018-08-08T04:40:52","date_gmt":"2018-08-08T04:40:52","guid":{"rendered":"http:\/\/vergatheme.com\/demosd\/modernx\/?page_id=181"},"modified":"2023-07-17T18:15:02","modified_gmt":"2023-07-17T16:15:02","slug":"contacter-abaca-press","status":"publish","type":"page","link":"https:\/\/abacapress.com\/press\/contacter-abaca-press\/","title":{"rendered":"Contacter Abaca Press"},"content":{"rendered":"<div class=\"wpb-content-wrapper\">[vc_row el_class=&#8221;section-full p-tb80&#8243; el_id=&#8221;contact&#8221;][vc_column]                   \r\n                   <div class=\"section-head text-left text-black\">\r\n                        <h2 class=\"text-uppercase font-36\">Envoyez-nous un message<\/h2>\r\n                        <div class=\"wt-separator-outer\">\r\n                            <div class=\"wt-separator bg-black\"><\/div>\r\n                        <\/div>\r\n                    <\/div>\r\n      \n<div class=\"wpcf7 no-js\" id=\"wpcf7-f183-o1\" lang=\"en-US\" dir=\"ltr\" data-wpcf7-id=\"183\">\n<div class=\"screen-reader-response\"><p role=\"status\" aria-live=\"polite\" aria-atomic=\"true\"><\/p> <ul><\/ul><\/div>\n<form action=\"\/press\/wp-json\/wp\/v2\/pages\/181#wpcf7-f183-o1\" method=\"post\" class=\"wpcf7-form init\" aria-label=\"Contact form\" novalidate=\"novalidate\" data-status=\"init\">\n<fieldset class=\"hidden-fields-container\"><input type=\"hidden\" name=\"_wpcf7\" value=\"183\" \/><input type=\"hidden\" name=\"_wpcf7_version\" value=\"6.1.1\" \/><input type=\"hidden\" name=\"_wpcf7_locale\" value=\"en_US\" \/><input type=\"hidden\" name=\"_wpcf7_unit_tag\" value=\"wpcf7-f183-o1\" \/><input type=\"hidden\" name=\"_wpcf7_container_post\" value=\"0\" \/><input type=\"hidden\" name=\"_wpcf7_posted_data_hash\" value=\"\" \/><input type=\"hidden\" name=\"_wpcf7_recaptcha_response\" value=\"\" \/>\n<\/fieldset>\n<div class=\"contact-one p-a40 p-r150\">\n\t<div class=\"form-group\">\n\t\t<p><span class=\"wpcf7-form-control-wrap\" data-name=\"nom\"><input size=\"40\" maxlength=\"400\" class=\"wpcf7-form-control wpcf7-text wpcf7-validates-as-required form-control\" aria-required=\"true\" aria-invalid=\"false\" placeholder=\"Nom\" value=\"\" type=\"text\" name=\"nom\" \/><\/span>\n\t\t<\/p>\n\t<\/div>\n\t<div class=\"form-group\">\n\t\t<p><span class=\"wpcf7-form-control-wrap\" data-name=\"email\"><input size=\"40\" maxlength=\"400\" class=\"wpcf7-form-control wpcf7-email wpcf7-validates-as-required wpcf7-text wpcf7-validates-as-email form-control\" aria-required=\"true\" aria-invalid=\"false\" placeholder=\"Email\" value=\"\" type=\"email\" name=\"email\" \/><\/span>\n\t\t<\/p>\n\t<\/div>\n\t<div class=\"form-group\">\n\t\t<p><span class=\"wpcf7-form-control-wrap\" data-name=\"message\"><textarea cols=\"40\" rows=\"10\" maxlength=\"2000\" class=\"wpcf7-form-control wpcf7-textarea wpcf7-validates-as-required form-control\" aria-required=\"true\" aria-invalid=\"false\" placeholder=\"Message\" name=\"message\"><\/textarea><\/span>\n\t\t<\/p>\n\t<\/div>\n\t<p><span class=\"wpcf7-form-control-wrap\" data-name=\"RGPD\"><span class=\"wpcf7-form-control wpcf7-checkbox wpcf7-validates-as-required\"><span class=\"wpcf7-list-item first last\"><input type=\"checkbox\" name=\"RGPD[]\" value=\"J&#039;ai lu et accepte la politique de confidentialit\u00e9 du site\" \/><span class=\"wpcf7-list-item-label\">J&#039;ai lu et accepte la politique de confidentialit\u00e9 du site<\/span><\/span><\/span><\/span><br \/>\nEn savoir plus sur notre <a style=\"color: red;\" href=\"https:\/\/abacapress.com\/press\/politique-de-confidentialite\/\">politique de confidentialit\u00e9<\/a>.\n\t<\/p>\n\t<p><input class=\"wpcf7-form-control wpcf7-submit has-spinner font-12 site-button black radius-no text-uppercase letter-spacing-5\" type=\"submit\" value=\"ENVOYER\" \/>\n\t<\/p>\n<\/div><div class=\"wpcf7-response-output\" aria-hidden=\"true\"><\/div>\n<\/form>\n<\/div>\n                   \r\n                                              <div class=\"contact-info bg-black text-white p-a30\" style=\"background-color: #000000\">\r\n                                                                                                 <div class=\"wt-icon-box-wraper left p-b30\">\r\n                                                    <div class=\"icon-sm\"><i class=\"iconmoon-smartphone-1\"><\/i><\/div>\r\n                                                    <div class=\"icon-content text-white \">\r\n                                                        <h5 class=\"m-t0 text-uppercase\">T\u00e9l\u00e9phone<\/h5>\r\n                                                        <p>(33) 6 07 01 13 07<\/p>\r\n                                                    <\/div>\r\n                                                <\/div>\r\n                                                                                                <div class=\"wt-icon-box-wraper left p-b30\">\r\n                                                    <div class=\"icon-sm\"><i class=\"iconmoon-smartphone-1\"><\/i><\/div>\r\n                                                    <div class=\"icon-content text-white \">\r\n                                                        <h5 class=\"m-t0 text-uppercase\">Email<\/h5>\r\n                                                        <p>editorial@abacapress.fr<\/p>\r\n                                                    <\/div>\r\n                                                <\/div>\r\n                                                                                                <div class=\"wt-icon-box-wraper left p-b30\">\r\n                                                    <div class=\"icon-sm\"><i class=\"iconmoon-smartphone-1\"><\/i><\/div>\r\n                                                    <div class=\"icon-content text-white \">\r\n                                                        <h5 class=\"m-t0 text-uppercase\">Adresse<\/h5>\r\n                                                        <p>140 rue Victor Hugo, 92300 Levallois-Perret<\/p>\r\n                                                    <\/div>\r\n                                                <\/div>\r\n                                                  \r\n                                            <\/div>\r\n                                        <!-- <\/div> -->\r\n      [\/vc_column][\/vc_row][vc_row fullwidth=&#8221;yes&#8221;][vc_column]                   \r\n            <div class=\"section-full\">\r\n                <div class=\"gmap-outline\">\r\n                    <div id=\"gmap_canvas4\" class=\"google-map\"><\/div>\r\n                <\/div>\r\n           <\/div>  \r\n        <script type=\"text\/javascript\">\r\n          \r\n\/\/  google map 2 function custom ========================== \/\/\r\n\r\n  if(jQuery('#gmap_canvas2').length){\r\n    function init_map2() {\r\n      var myOptions = {\r\n        zoom: 10,\r\n        center: new google.maps.LatLng(48.898232827667066, 2.2948067264944108),\r\n        mapTypeId: google.maps.MapTypeId.ROADMAP,\r\n        \/\/ This is where you would paste any style found on Snazzy Maps.\r\n        styles: [{\"featureType\":\"water\",\"elementType\":\"geometry\",\"stylers\":[{\"color\":\"#e9e9e9\"},{\"lightness\":17}]},{\"featureType\":\"landscape\",\"elementType\":\"geometry\",\"stylers\":[{\"color\":\"#f5f5f5\"},{\"lightness\":20}]},{\"featureType\":\"road.highway\",\"elementType\":\"geometry.fill\",\"stylers\":[{\"color\":\"#ffffff\"},{\"lightness\":17}]},{\"featureType\":\"road.highway\",\"elementType\":\"geometry.stroke\",\"stylers\":[{\"color\":\"#ffffff\"},{\"lightness\":29},{\"weight\":0.2}]},{\"featureType\":\"road.arterial\",\"elementType\":\"geometry\",\"stylers\":[{\"color\":\"#ffffff\"},{\"lightness\":18}]},{\"featureType\":\"road.local\",\"elementType\":\"geometry\",\"stylers\":[{\"color\":\"#ffffff\"},{\"lightness\":16}]},{\"featureType\":\"poi\",\"elementType\":\"geometry\",\"stylers\":[{\"color\":\"#f5f5f5\"},{\"lightness\":21}]},{\"featureType\":\"poi.park\",\"elementType\":\"geometry\",\"stylers\":[{\"color\":\"#dedede\"},{\"lightness\":21}]},{\"elementType\":\"labels.text.stroke\",\"stylers\":[{\"visibility\":\"on\"},{\"color\":\"#ffffff\"},{\"lightness\":16}]},{\"elementType\":\"labels.text.fill\",\"stylers\":[{\"saturation\":36},{\"color\":\"#333333\"},{\"lightness\":40}]},{\"elementType\":\"labels.icon\",\"stylers\":[{\"visibility\":\"off\"}]},{\"featureType\":\"transit\",\"elementType\":\"geometry\",\"stylers\":[{\"color\":\"#f2f2f2\"},{\"lightness\":19}]},{\"featureType\":\"administrative\",\"elementType\":\"geometry.fill\",\"stylers\":[{\"color\":\"#fefefe\"},{\"lightness\":20}]},{\"featureType\":\"administrative\",\"elementType\":\"geometry.stroke\",\"stylers\":[{\"color\":\"#fefefe\"},{\"lightness\":17},{\"weight\":1.2}]}]\r\n      };\r\n      \/\/ Let's also add a marker while we're at it\r\n      map2 = new google.maps.Map(document.getElementById('gmap_canvas2'), myOptions);\r\n      marker2 = new google.maps.Marker({\r\n        map: map2,\r\n        position: new google.maps.LatLng(48.898232827667066, 2.2948067264944108),\r\n        optimized: false,\r\n        icon: new google.maps.MarkerImage('https:\/\/abacapress.com\/press\/wp-content\/uploads\/2019\/04\/localisation.png')\r\n      });\r\n\r\n      marker2.setDraggable(true);   \r\n      \/\/ marker on click show infowindow\r\n      infowindow2 = new google.maps.InfoWindow({\r\n        content: '<strong>Adresse<\/strong>140 rue Victor Hugo, 92300 Levallois-Perret'\r\n      });\r\n      google.maps.event.addListener(marker2, 'click', function() {\r\n        infowindow2.open(map2, marker2);\r\n      });\r\n    }\r\n    google.maps.event.addDomListener(window, 'load', init_map2); \r\n  }\r\n\r\n\r\n\/\/  google map 4 default function custom ========================== \/\/\r\n\r\n  if(jQuery('#gmap_canvas4').length){\r\n    function init_map4() {\r\n      var myOptions = {\r\n        zoom: 10,\r\n        center: new google.maps.LatLng(48.898232827667066, 2.2948067264944108),\r\n        mapTypeId: google.maps.MapTypeId.ROADMAP,\r\n        styles:[{\"elementType\":\"geometry\",\"stylers\":[{\"color\":\"#212121\"}]},{\"elementType\":\"labels.icon\",\"stylers\":[{\"visibility\":\"off\"}]},{\"elementType\":\"labels.text.fill\",\"stylers\":[{\"color\":\"#757575\"}]},{\"elementType\":\"labels.text.stroke\",\"stylers\":[{\"color\":\"#212121\"}]},{\"featureType\":\"administrative\",\"elementType\":\"geometry\",\"stylers\":[{\"color\":\"#757575\"}]},{\"featureType\":\"administrative.country\",\"elementType\":\"labels.text.fill\",\"stylers\":[{\"color\":\"#9e9e9e\"}]},{\"featureType\":\"administrative.land_parcel\",\"stylers\":[{\"visibility\":\"off\"}]},{\"featureType\":\"administrative.locality\",\"elementType\":\"labels.text.fill\",\"stylers\":[{\"color\":\"#bdbdbd\"}]},{\"featureType\":\"poi\",\"elementType\":\"labels.text.fill\",\"stylers\":[{\"color\":\"#757575\"}]},{\"featureType\":\"poi.park\",\"elementType\":\"geometry\",\"stylers\":[{\"color\":\"#181818\"}]},{\"featureType\":\"poi.park\",\"elementType\":\"labels.text.fill\",\"stylers\":[{\"color\":\"#616161\"}]},{\"featureType\":\"poi.park\",\"elementType\":\"labels.text.stroke\",\"stylers\":[{\"color\":\"#1b1b1b\"}]},{\"featureType\":\"road\",\"elementType\":\"geometry.fill\",\"stylers\":[{\"color\":\"#2c2c2c\"}]},{\"featureType\":\"road\",\"elementType\":\"labels.text.fill\",\"stylers\":[{\"color\":\"#8a8a8a\"}]},{\"featureType\":\"road.arterial\",\"elementType\":\"geometry\",\"stylers\":[{\"color\":\"#373737\"}]},{\"featureType\":\"road.highway\",\"elementType\":\"geometry\",\"stylers\":[{\"color\":\"#3c3c3c\"}]},{\"featureType\":\"road.highway.controlled_access\",\"elementType\":\"geometry\",\"stylers\":[{\"color\":\"#4e4e4e\"}]},{\"featureType\":\"road.local\",\"elementType\":\"labels.text.fill\",\"stylers\":[{\"color\":\"#616161\"}]},{\"featureType\":\"transit\",\"elementType\":\"labels.text.fill\",\"stylers\":[{\"color\":\"#757575\"}]},{\"featureType\":\"water\",\"elementType\":\"geometry\",\"stylers\":[{\"color\":\"#000000\"}]},{\"featureType\":\"water\",\"elementType\":\"labels.text.fill\",\"stylers\":[{\"color\":\"#3d3d3d\"}]}]\r\n      };\r\n      \/\/ Let's also add a marker while we're at it\r\n      map4 = new google.maps.Map(document.getElementById('gmap_canvas4'), myOptions);\r\n      marker4 = new google.maps.Marker({\r\n        map: map4,\r\n        position: new google.maps.LatLng(48.898232827667066, 2.2948067264944108),\r\n        optimized: false,\r\n        icon: new google.maps.MarkerImage('https:\/\/abacapress.com\/press\/wp-content\/uploads\/2019\/04\/localisation.png')\r\n      });\r\n\r\n      marker4.setDraggable(true);   \r\n      \/\/ marker on click show infowindow\r\n\r\n      infowindow4 = new google.maps.InfoWindow({\r\n        content: '<strong>Adresse<\/strong>140 rue Victor Hugo, 92300 Levallois-Perret'\r\n      });\r\n\r\n      google.maps.event.addListener(marker4, 'click', function() {\r\n        infowindow4.open(map4, marker4);\r\n      });\r\n    }\r\n    google.maps.event.addDomListener(window, 'load', init_map4);\r\n\r\n  }\r\n\r\n\/\/  google map 6 default function custom ========================== \/\/\r\n\r\n  if(jQuery('#gmap_canvas6').length){\r\n    function init_map6() {\r\n      var myOptions = {\r\n        zoom: 10,\r\n        center: new google.maps.LatLng(48.898232827667066, 2.2948067264944108),\r\n        mapTypeId: google.maps.MapTypeId.ROADMAP,\r\n        styles:[{\"elementType\":\"geometry\",\"stylers\":[{\"color\":\"#1d2c4d\"}]},{\"elementType\":\"labels.text.fill\",\"stylers\":[{\"color\":\"#8ec3b9\"}]},{\"elementType\":\"labels.text.stroke\",\"stylers\":[{\"color\":\"#1a3646\"}]},{\"featureType\":\"administrative.country\",\"elementType\":\"geometry.stroke\",\"stylers\":[{\"color\":\"#4b6878\"}]},{\"featureType\":\"administrative.land_parcel\",\"elementType\":\"labels.text.fill\",\"stylers\":[{\"color\":\"#64779e\"}]},{\"featureType\":\"administrative.province\",\"elementType\":\"geometry.stroke\",\"stylers\":[{\"color\":\"#4b6878\"}]},{\"featureType\":\"landscape.man_made\",\"elementType\":\"geometry.stroke\",\"stylers\":[{\"color\":\"#334e87\"}]},{\"featureType\":\"landscape.natural\",\"elementType\":\"geometry\",\"stylers\":[{\"color\":\"#023e58\"}]},{\"featureType\":\"poi\",\"elementType\":\"geometry\",\"stylers\":[{\"color\":\"#283d6a\"}]},{\"featureType\":\"poi\",\"elementType\":\"labels.text.fill\",\"stylers\":[{\"color\":\"#6f9ba5\"}]},{\"featureType\":\"poi\",\"elementType\":\"labels.text.stroke\",\"stylers\":[{\"color\":\"#1d2c4d\"}]},{\"featureType\":\"poi.park\",\"elementType\":\"geometry.fill\",\"stylers\":[{\"color\":\"#023e58\"}]},{\"featureType\":\"poi.park\",\"elementType\":\"labels.text.fill\",\"stylers\":[{\"color\":\"#3C7680\"}]},{\"featureType\":\"road\",\"elementType\":\"geometry\",\"stylers\":[{\"color\":\"#304a7d\"}]},{\"featureType\":\"road\",\"elementType\":\"labels.text.fill\",\"stylers\":[{\"color\":\"#98a5be\"}]},{\"featureType\":\"road\",\"elementType\":\"labels.text.stroke\",\"stylers\":[{\"color\":\"#1d2c4d\"}]},{\"featureType\":\"road.highway\",\"elementType\":\"geometry\",\"stylers\":[{\"color\":\"#2c6675\"}]},{\"featureType\":\"road.highway\",\"elementType\":\"geometry.stroke\",\"stylers\":[{\"color\":\"#255763\"}]},{\"featureType\":\"road.highway\",\"elementType\":\"labels.text.fill\",\"stylers\":[{\"color\":\"#b0d5ce\"}]},{\"featureType\":\"road.highway\",\"elementType\":\"labels.text.stroke\",\"stylers\":[{\"color\":\"#023e58\"}]},{\"featureType\":\"transit\",\"elementType\":\"labels.text.fill\",\"stylers\":[{\"color\":\"#98a5be\"}]},{\"featureType\":\"transit\",\"elementType\":\"labels.text.stroke\",\"stylers\":[{\"color\":\"#1d2c4d\"}]},{\"featureType\":\"transit.line\",\"elementType\":\"geometry.fill\",\"stylers\":[{\"color\":\"#283d6a\"}]},{\"featureType\":\"transit.station\",\"elementType\":\"geometry\",\"stylers\":[{\"color\":\"#3a4762\"}]},{\"featureType\":\"water\",\"elementType\":\"geometry\",\"stylers\":[{\"color\":\"#0e1626\"}]},{\"featureType\":\"water\",\"elementType\":\"labels.text.fill\",\"stylers\":[{\"color\":\"#4e6d70\"}]}]\r\n      };\r\n      \/\/ Let's also add a marker while we're at it\r\n      map6 = new google.maps.Map(document.getElementById('gmap_canvas6'), myOptions);\r\n      marker6 = new google.maps.Marker({\r\n        map: map6,\r\n        position: new google.maps.LatLng(48.898232827667066, 2.2948067264944108),\r\n        optimized: false,\r\n        icon: new google.maps.MarkerImage('https:\/\/abacapress.com\/press\/wp-content\/uploads\/2019\/04\/localisation.png')\r\n      });\r\n\r\n      marker6.setDraggable(true);   \r\n      \/\/ marker on click show infowindow\r\n\r\n      infowindow6 = new google.maps.InfoWindow({\r\n        content: '<strong>Adresse<\/strong>140 rue Victor Hugo, 92300 Levallois-Perret'\r\n      });\r\n\r\n      google.maps.event.addListener(marker6, 'click', function() {\r\n        infowindow6.open(map6, marker6);\r\n      });\r\n    }\r\n    google.maps.event.addDomListener(window, 'load', init_map6);\r\n\r\n  }\r\n\r\n         <\/script>           \r\n      [\/vc_column][\/vc_row]\n<\/div>","protected":false},"excerpt":{"rendered":"<p>[vc_row el_class=&#8221;section-full p-tb80&#8243; el_id=&#8221;contact&#8221;][vc_column][\/vc_column][\/vc_row][vc_row fullwidth=&#8221;yes&#8221;][vc_column][\/vc_column][\/vc_row]<\/p>\n","protected":false},"author":1,"featured_media":0,"parent":0,"menu_order":0,"comment_status":"closed","ping_status":"closed","template":"template\/page-detail.php","meta":{"footnotes":""},"class_list":["post-181","page","type-page","status-publish","hentry"],"yoast_head":"<!-- This site is optimized with the Yoast SEO plugin v25.6 - https:\/\/yoast.com\/wordpress\/plugins\/seo\/ -->\n<title>Contacter Abaca Press : Email, T\u00e9l\u00e9phone, Adresse<\/title>\n<meta name=\"description\" content=\"Besoin de nous contacter ? Abaca Press est \u00e0 votre \u00e9coute, par email, t\u00e9l\u00e9phone, ou encore par voie postale.\" \/>\n<meta name=\"robots\" content=\"index, follow, max-snippet:-1, max-image-preview:large, max-video-preview:-1\" \/>\n<link rel=\"canonical\" href=\"https:\/\/abacapress.com\/press\/contacter-abaca-press\/\" \/>\n<meta property=\"og:locale\" content=\"en_US\" \/>\n<meta property=\"og:type\" content=\"article\" \/>\n<meta property=\"og:title\" content=\"Contacter Abaca Press : Email, T\u00e9l\u00e9phone, Adresse\" \/>\n<meta property=\"og:description\" content=\"Besoin de nous contacter ? Abaca Press est \u00e0 votre \u00e9coute, par email, t\u00e9l\u00e9phone, ou encore par voie postale.\" \/>\n<meta property=\"og:url\" content=\"https:\/\/abacapress.com\/press\/contacter-abaca-press\/\" \/>\n<meta property=\"og:site_name\" content=\"Abaca Press\" \/>\n<meta property=\"article:modified_time\" content=\"2023-07-17T16:15:02+00:00\" \/>\n<meta name=\"twitter:card\" content=\"summary_large_image\" \/>\n<meta name=\"twitter:label1\" content=\"Est. reading time\" \/>\n\t<meta name=\"twitter:data1\" content=\"1 minute\" \/>\n<script type=\"application\/ld+json\" class=\"yoast-schema-graph\">{\"@context\":\"https:\/\/schema.org\",\"@graph\":[{\"@type\":\"WebPage\",\"@id\":\"https:\/\/abacapress.com\/press\/contacter-abaca-press\/\",\"url\":\"https:\/\/abacapress.com\/press\/contacter-abaca-press\/\",\"name\":\"Contacter Abaca Press : Email, T\u00e9l\u00e9phone, Adresse\",\"isPartOf\":{\"@id\":\"https:\/\/abacapress.com\/press\/#website\"},\"datePublished\":\"2018-08-08T04:40:52+00:00\",\"dateModified\":\"2023-07-17T16:15:02+00:00\",\"description\":\"Besoin de nous contacter ? Abaca Press est \u00e0 votre \u00e9coute, par email, t\u00e9l\u00e9phone, ou encore par voie postale.\",\"breadcrumb\":{\"@id\":\"https:\/\/abacapress.com\/press\/contacter-abaca-press\/#breadcrumb\"},\"inLanguage\":\"en-US\",\"potentialAction\":[{\"@type\":\"ReadAction\",\"target\":[\"https:\/\/abacapress.com\/press\/contacter-abaca-press\/\"]}]},{\"@type\":\"BreadcrumbList\",\"@id\":\"https:\/\/abacapress.com\/press\/contacter-abaca-press\/#breadcrumb\",\"itemListElement\":[{\"@type\":\"ListItem\",\"position\":1,\"name\":\"Accueil\",\"item\":\"https:\/\/abacapress.com\/press\/\"},{\"@type\":\"ListItem\",\"position\":2,\"name\":\"Contacter Abaca Press\"}]},{\"@type\":\"WebSite\",\"@id\":\"https:\/\/abacapress.com\/press\/#website\",\"url\":\"https:\/\/abacapress.com\/press\/\",\"name\":\"Abaca Press\",\"description\":\"Agence de presse photographique\",\"potentialAction\":[{\"@type\":\"SearchAction\",\"target\":{\"@type\":\"EntryPoint\",\"urlTemplate\":\"https:\/\/abacapress.com\/press\/?s={search_term_string}\"},\"query-input\":{\"@type\":\"PropertyValueSpecification\",\"valueRequired\":true,\"valueName\":\"search_term_string\"}}],\"inLanguage\":\"en-US\"}]}<\/script>\n<!-- \/ Yoast SEO plugin. -->","yoast_head_json":{"title":"Contacter Abaca Press : Email, T\u00e9l\u00e9phone, Adresse","description":"Besoin de nous contacter ? Abaca Press est \u00e0 votre \u00e9coute, par email, t\u00e9l\u00e9phone, ou encore par voie postale.","robots":{"index":"index","follow":"follow","max-snippet":"max-snippet:-1","max-image-preview":"max-image-preview:large","max-video-preview":"max-video-preview:-1"},"canonical":"https:\/\/abacapress.com\/press\/contacter-abaca-press\/","og_locale":"en_US","og_type":"article","og_title":"Contacter Abaca Press : Email, T\u00e9l\u00e9phone, Adresse","og_description":"Besoin de nous contacter ? Abaca Press est \u00e0 votre \u00e9coute, par email, t\u00e9l\u00e9phone, ou encore par voie postale.","og_url":"https:\/\/abacapress.com\/press\/contacter-abaca-press\/","og_site_name":"Abaca Press","article_modified_time":"2023-07-17T16:15:02+00:00","twitter_card":"summary_large_image","twitter_misc":{"Est. reading time":"1 minute"},"schema":{"@context":"https:\/\/schema.org","@graph":[{"@type":"WebPage","@id":"https:\/\/abacapress.com\/press\/contacter-abaca-press\/","url":"https:\/\/abacapress.com\/press\/contacter-abaca-press\/","name":"Contacter Abaca Press : Email, T\u00e9l\u00e9phone, Adresse","isPartOf":{"@id":"https:\/\/abacapress.com\/press\/#website"},"datePublished":"2018-08-08T04:40:52+00:00","dateModified":"2023-07-17T16:15:02+00:00","description":"Besoin de nous contacter ? Abaca Press est \u00e0 votre \u00e9coute, par email, t\u00e9l\u00e9phone, ou encore par voie postale.","breadcrumb":{"@id":"https:\/\/abacapress.com\/press\/contacter-abaca-press\/#breadcrumb"},"inLanguage":"en-US","potentialAction":[{"@type":"ReadAction","target":["https:\/\/abacapress.com\/press\/contacter-abaca-press\/"]}]},{"@type":"BreadcrumbList","@id":"https:\/\/abacapress.com\/press\/contacter-abaca-press\/#breadcrumb","itemListElement":[{"@type":"ListItem","position":1,"name":"Accueil","item":"https:\/\/abacapress.com\/press\/"},{"@type":"ListItem","position":2,"name":"Contacter Abaca Press"}]},{"@type":"WebSite","@id":"https:\/\/abacapress.com\/press\/#website","url":"https:\/\/abacapress.com\/press\/","name":"Abaca Press","description":"Agence de presse photographique","potentialAction":[{"@type":"SearchAction","target":{"@type":"EntryPoint","urlTemplate":"https:\/\/abacapress.com\/press\/?s={search_term_string}"},"query-input":{"@type":"PropertyValueSpecification","valueRequired":true,"valueName":"search_term_string"}}],"inLanguage":"en-US"}]}},"_links":{"self":[{"href":"https:\/\/abacapress.com\/press\/wp-json\/wp\/v2\/pages\/181","targetHints":{"allow":["GET"]}}],"collection":[{"href":"https:\/\/abacapress.com\/press\/wp-json\/wp\/v2\/pages"}],"about":[{"href":"https:\/\/abacapress.com\/press\/wp-json\/wp\/v2\/types\/page"}],"author":[{"embeddable":true,"href":"https:\/\/abacapress.com\/press\/wp-json\/wp\/v2\/users\/1"}],"replies":[{"embeddable":true,"href":"https:\/\/abacapress.com\/press\/wp-json\/wp\/v2\/comments?post=181"}],"version-history":[{"count":0,"href":"https:\/\/abacapress.com\/press\/wp-json\/wp\/v2\/pages\/181\/revisions"}],"wp:attachment":[{"href":"https:\/\/abacapress.com\/press\/wp-json\/wp\/v2\/media?parent=181"}],"curies":[{"name":"wp","href":"https:\/\/api.w.org\/{rel}","templated":true}]}}